{"id":54994,"date":"2022-04-14T13:26:06","date_gmt":"2022-04-14T11:26:06","guid":{"rendered":"https:\/\/bise.ch\/produit\/100-pet\/"},"modified":"2022-04-14T13:26:06","modified_gmt":"2022-04-14T11:26:06","slug":"100-pet","status":"publish","type":"product","link":"https:\/\/www.bise.ch\/de\/produit\/100-pet\/","title":{"rendered":"100% PET"},"content":{"rendered":"<p><strong>SITAG AKUSTISCHE TRENNW\u00c4NDE&nbsp;<\/strong><\/p>\n<p>L\u00c4RM IM B\u00dcRO&nbsp;ist nicht nur st\u00f6rend, sondern auch gef\u00e4hrlich.<br \/>\nzu Stress, verminderter Leistung und kann im Falle eines Unfalls sogar zu einem Unfall f\u00fchren.<br \/>\nim schlimmsten Fall krank machen. SITAG AKUSTISCHE TRENNW\u00c4NDE<br \/>\nreduzieren auf einfache Weise die L\u00e4rmbel\u00e4stigung, sehen elegant aus<br \/>\nund umweltfreundlich.<\/p>\n<p>DIE FEUERSTRUKTUR DER AKUSTIKW\u00c4NDE<br \/>\nSITAG besteht aus einer Vliesoberfl\u00e4che, die hergestellt wird aus<br \/>\nrecycelten PET-Flaschen. Diese Oberfl\u00e4che reguliert die Feuchtigkeit<br \/>\nund W\u00e4rme und verbessert dadurch das Raumklima. Die Farben der<br \/>\nFasern sind sehr robust und v\u00f6llig emissionsfrei.<br \/>\nDie AKUSTIKW\u00c4NDE sind einfach zu montieren oder zu installieren.<br \/>\nSITAG sind in verschiedenen Gr\u00f6\u00dfen erh\u00e4ltlich und sehr vielseitig einsetzbar.<\/p>\n<p><strong>SITAG AKUSTISCHE TRENNW\u00c4NDE<\/strong><\/p>\n<p>werden mit Hilfe von Eck- oder Verbindungsst\u00fccken miteinander verbunden.<br \/>\nL\u00e4ngsrichtung. Der Anschluss an den Schreibtisch erfolgt entweder mit<br \/>\nDie W\u00e4nde werden entweder mit Hilfe eines Adapters oder durch Aufstellen der W\u00e4nde auf einem St\u00e4nder montiert.<\/p>\n<p>SITAG-AKUSTIKW\u00c4NDE sind in drei Varianten erh\u00e4ltlich<br \/>\nfreundliche Farben. Die Teile f\u00fcr die Befestigung und Montage sind<br \/>\nund in f\u00fcnf Farben erh\u00e4ltlich.<\/p>\n","protected":false},"excerpt":{"rendered":"<p>Akustische Wand<\/p>\n","protected":false},"featured_media":51833,"template":"","meta":{"_et_pb_use_builder":"","_et_pb_old_content":"","_et_gb_content_width":""},"product_brand":[4343],"product_cat":[443],"product_tag":[],"class_list":{"0":"post-54994","1":"product","2":"type-product","3":"status-publish","4":"has-post-thumbnail","6":"product_brand-sitag_de","7":"product_cat-akustik","8":"pa_designation_de-schallschutzwand-de","9":"pa_designation_fr-akustische-wand","11":"first","12":"instock","13":"shipping-taxable","14":"purchasable","15":"product-type-simple"},"yoast_head":"<!-- This site is optimized with the Yoast SEO plugin v27.1.1 - https:\/\/yoast.com\/product\/yoast-seo-wordpress\/ -->\n<title>100% PET | M\u00f6bel Bise | M\u00f6belgesch\u00e4ft | M\u00f6bel | Freiburg | Bulle<\/title>\n<meta name=\"robots\" content=\"index, follow, max-snippet:-1, max-image-preview:large, max-video-preview:-1\" \/>\n<link rel=\"canonical\" href=\"https:\/\/www.bise.ch\/de\/produit\/100-pet\/\" \/>\n<meta property=\"og:locale\" content=\"de_DE\" \/>\n<meta property=\"og:type\" content=\"article\" \/>\n<meta property=\"og:title\" content=\"100% PET | M\u00f6bel Bise | M\u00f6belgesch\u00e4ft | M\u00f6bel | Freiburg | Bulle\" \/>\n<meta property=\"og:description\" content=\"Akustische Wand\" \/>\n<meta property=\"og:url\" content=\"https:\/\/www.bise.ch\/de\/produit\/100-pet\/\" \/>\n<meta property=\"og:site_name\" content=\"M\u00f6bel Bise | M\u00f6belgesch\u00e4ft | M\u00f6bel | Freiburg | Bulle\" \/>\n<meta property=\"article:publisher\" content=\"https:\/\/www.facebook.com\/bisemeubles\/\" \/>\n<meta property=\"og:image\" content=\"https:\/\/www.bise.ch\/wp-content\/uploads\/akustikwaende_00065_waver1920x1080-jpg.webp\" \/>\n\t<meta property=\"og:image:width\" content=\"1619\" \/>\n\t<meta property=\"og:image:height\" content=\"1080\" \/>\n\t<meta property=\"og:image:type\" content=\"image\/jpeg\" \/>\n<meta name=\"twitter:card\" content=\"summary_large_image\" \/>\n<meta name=\"twitter:label1\" content=\"Gesch\u00e4tzte Lesezeit\" \/>\n\t<meta name=\"twitter:data1\" content=\"1\u00a0Minute\" \/>\n<script type=\"application\/ld+json\" class=\"yoast-schema-graph\">{\"@context\":\"https:\/\/schema.org\",\"@graph\":[{\"@type\":\"WebPage\",\"@id\":\"https:\/\/www.bise.ch\/de\/produit\/100-pet\/\",\"url\":\"https:\/\/www.bise.ch\/de\/produit\/100-pet\/\",\"name\":\"100% PET | M\u00f6bel Bise | M\u00f6belgesch\u00e4ft | M\u00f6bel | Freiburg | Bulle\",\"isPartOf\":{\"@id\":\"https:\/\/www.bise.ch\/de\/#website\"},\"primaryImageOfPage\":{\"@id\":\"https:\/\/www.bise.ch\/de\/produit\/100-pet\/#primaryimage\"},\"image\":{\"@id\":\"https:\/\/www.bise.ch\/de\/produit\/100-pet\/#primaryimage\"},\"thumbnailUrl\":\"https:\/\/www.bise.ch\/wp-content\/uploads\/akustikwaende_00065_waver1920x1080-jpg.webp\",\"datePublished\":\"2022-04-14T11:26:06+00:00\",\"breadcrumb\":{\"@id\":\"https:\/\/www.bise.ch\/de\/produit\/100-pet\/#breadcrumb\"},\"inLanguage\":\"de\",\"potentialAction\":[{\"@type\":\"ReadAction\",\"target\":[\"https:\/\/www.bise.ch\/de\/produit\/100-pet\/\"]}]},{\"@type\":\"ImageObject\",\"inLanguage\":\"de\",\"@id\":\"https:\/\/www.bise.ch\/de\/produit\/100-pet\/#primaryimage\",\"url\":\"https:\/\/www.bise.ch\/wp-content\/uploads\/akustikwaende_00065_waver1920x1080-jpg.webp\",\"contentUrl\":\"https:\/\/www.bise.ch\/wp-content\/uploads\/akustikwaende_00065_waver1920x1080-jpg.webp\",\"width\":1619,\"height\":1080,\"caption\":\"akustikwaende_00065_waver1920x1080\"},{\"@type\":\"BreadcrumbList\",\"@id\":\"https:\/\/www.bise.ch\/de\/produit\/100-pet\/#breadcrumb\",\"itemListElement\":[{\"@type\":\"ListItem\",\"position\":1,\"name\":\"Startseite\",\"item\":\"https:\/\/www.bise.ch\/de\/\"},{\"@type\":\"ListItem\",\"position\":2,\"name\":\"Shop\",\"item\":\"https:\/\/www.bise.ch\/de\/shop\/\"},{\"@type\":\"ListItem\",\"position\":3,\"name\":\"100% PET\"}]},{\"@type\":\"WebSite\",\"@id\":\"https:\/\/www.bise.ch\/de\/#website\",\"url\":\"https:\/\/www.bise.ch\/de\/\",\"name\":\"Meubles Bise | Magasin de meubles | Mobilier | Fribourg | Bulle\",\"description\":\"Wir erwecken Ihre Ra\u0308ume zum Leben\",\"publisher\":{\"@id\":\"https:\/\/www.bise.ch\/de\/#organization\"},\"alternateName\":\"Georges Bise SA\",\"potentialAction\":[{\"@type\":\"SearchAction\",\"target\":{\"@type\":\"EntryPoint\",\"urlTemplate\":\"https:\/\/www.bise.ch\/de\/?s={search_term_string}\"},\"query-input\":{\"@type\":\"PropertyValueSpecification\",\"valueRequired\":true,\"valueName\":\"search_term_string\"}}],\"inLanguage\":\"de\"},{\"@type\":\"Organization\",\"@id\":\"https:\/\/www.bise.ch\/de\/#organization\",\"name\":\"M\u00f6bel Bise | M\u00f6belgesch\u00e4ft | M\u00f6bel | Freiburg | Bulle\",\"alternateName\":\"Georges Bise SA\",\"url\":\"https:\/\/www.bise.ch\/de\/\",\"logo\":{\"@type\":\"ImageObject\",\"inLanguage\":\"de\",\"@id\":\"https:\/\/www.bise.ch\/de\/#\/schema\/logo\/image\/\",\"url\":\"https:\/\/www.bise.ch\/wp-content\/uploads\/LogoBise.png\",\"contentUrl\":\"https:\/\/www.bise.ch\/wp-content\/uploads\/LogoBise.png\",\"width\":4267,\"height\":4267,\"caption\":\"M\u00f6bel Bise | M\u00f6belgesch\u00e4ft | M\u00f6bel | Freiburg | Bulle\"},\"image\":{\"@id\":\"https:\/\/www.bise.ch\/de\/#\/schema\/logo\/image\/\"},\"sameAs\":[\"https:\/\/www.facebook.com\/bisemeubles\/\",\"https:\/\/www.instagram.com\/bisemeubles\/\",\"https:\/\/ch.linkedin.com\/company\/bise-meubles-moebel\"]}]}<\/script>\n<!-- \/ Yoast SEO plugin. -->","yoast_head_json":{"title":"100% PET | M\u00f6bel Bise | M\u00f6belgesch\u00e4ft | M\u00f6bel | Freiburg | Bulle","robots":{"index":"index","follow":"follow","max-snippet":"max-snippet:-1","max-image-preview":"max-image-preview:large","max-video-preview":"max-video-preview:-1"},"canonical":"https:\/\/www.bise.ch\/de\/produit\/100-pet\/","og_locale":"de_DE","og_type":"article","og_title":"100% PET | M\u00f6bel Bise | M\u00f6belgesch\u00e4ft | M\u00f6bel | Freiburg | Bulle","og_description":"Akustische Wand","og_url":"https:\/\/www.bise.ch\/de\/produit\/100-pet\/","og_site_name":"M\u00f6bel Bise | M\u00f6belgesch\u00e4ft | M\u00f6bel | Freiburg | Bulle","article_publisher":"https:\/\/www.facebook.com\/bisemeubles\/","og_image":[{"width":1619,"height":1080,"url":"https:\/\/www.bise.ch\/wp-content\/uploads\/akustikwaende_00065_waver1920x1080-jpg.webp","type":"image\/jpeg"}],"twitter_card":"summary_large_image","twitter_misc":{"Gesch\u00e4tzte Lesezeit":"1\u00a0Minute"},"schema":{"@context":"https:\/\/schema.org","@graph":[{"@type":"WebPage","@id":"https:\/\/www.bise.ch\/de\/produit\/100-pet\/","url":"https:\/\/www.bise.ch\/de\/produit\/100-pet\/","name":"100% PET | M\u00f6bel Bise | M\u00f6belgesch\u00e4ft | M\u00f6bel | Freiburg | Bulle","isPartOf":{"@id":"https:\/\/www.bise.ch\/de\/#website"},"primaryImageOfPage":{"@id":"https:\/\/www.bise.ch\/de\/produit\/100-pet\/#primaryimage"},"image":{"@id":"https:\/\/www.bise.ch\/de\/produit\/100-pet\/#primaryimage"},"thumbnailUrl":"https:\/\/www.bise.ch\/wp-content\/uploads\/akustikwaende_00065_waver1920x1080-jpg.webp","datePublished":"2022-04-14T11:26:06+00:00","breadcrumb":{"@id":"https:\/\/www.bise.ch\/de\/produit\/100-pet\/#breadcrumb"},"inLanguage":"de","potentialAction":[{"@type":"ReadAction","target":["https:\/\/www.bise.ch\/de\/produit\/100-pet\/"]}]},{"@type":"ImageObject","inLanguage":"de","@id":"https:\/\/www.bise.ch\/de\/produit\/100-pet\/#primaryimage","url":"https:\/\/www.bise.ch\/wp-content\/uploads\/akustikwaende_00065_waver1920x1080-jpg.webp","contentUrl":"https:\/\/www.bise.ch\/wp-content\/uploads\/akustikwaende_00065_waver1920x1080-jpg.webp","width":1619,"height":1080,"caption":"akustikwaende_00065_waver1920x1080"},{"@type":"BreadcrumbList","@id":"https:\/\/www.bise.ch\/de\/produit\/100-pet\/#breadcrumb","itemListElement":[{"@type":"ListItem","position":1,"name":"Startseite","item":"https:\/\/www.bise.ch\/de\/"},{"@type":"ListItem","position":2,"name":"Shop","item":"https:\/\/www.bise.ch\/de\/shop\/"},{"@type":"ListItem","position":3,"name":"100% PET"}]},{"@type":"WebSite","@id":"https:\/\/www.bise.ch\/de\/#website","url":"https:\/\/www.bise.ch\/de\/","name":"Meubles Bise | Magasin de meubles | Mobilier | Fribourg | Bulle","description":"Wir erwecken Ihre Ra\u0308ume zum Leben","publisher":{"@id":"https:\/\/www.bise.ch\/de\/#organization"},"alternateName":"Georges Bise SA","potentialAction":[{"@type":"SearchAction","target":{"@type":"EntryPoint","urlTemplate":"https:\/\/www.bise.ch\/de\/?s={search_term_string}"},"query-input":{"@type":"PropertyValueSpecification","valueRequired":true,"valueName":"search_term_string"}}],"inLanguage":"de"},{"@type":"Organization","@id":"https:\/\/www.bise.ch\/de\/#organization","name":"M\u00f6bel Bise | M\u00f6belgesch\u00e4ft | M\u00f6bel | Freiburg | Bulle","alternateName":"Georges Bise SA","url":"https:\/\/www.bise.ch\/de\/","logo":{"@type":"ImageObject","inLanguage":"de","@id":"https:\/\/www.bise.ch\/de\/#\/schema\/logo\/image\/","url":"https:\/\/www.bise.ch\/wp-content\/uploads\/LogoBise.png","contentUrl":"https:\/\/www.bise.ch\/wp-content\/uploads\/LogoBise.png","width":4267,"height":4267,"caption":"M\u00f6bel Bise | M\u00f6belgesch\u00e4ft | M\u00f6bel | Freiburg | Bulle"},"image":{"@id":"https:\/\/www.bise.ch\/de\/#\/schema\/logo\/image\/"},"sameAs":["https:\/\/www.facebook.com\/bisemeubles\/","https:\/\/www.instagram.com\/bisemeubles\/","https:\/\/ch.linkedin.com\/company\/bise-meubles-moebel"]}]}},"_links":{"self":[{"href":"https:\/\/www.bise.ch\/de\/wp-json\/wp\/v2\/product\/54994","targetHints":{"allow":["GET"]}}],"collection":[{"href":"https:\/\/www.bise.ch\/de\/wp-json\/wp\/v2\/product"}],"about":[{"href":"https:\/\/www.bise.ch\/de\/wp-json\/wp\/v2\/types\/product"}],"wp:featuredmedia":[{"embeddable":true,"href":"https:\/\/www.bise.ch\/de\/wp-json\/wp\/v2\/media\/51833"}],"wp:attachment":[{"href":"https:\/\/www.bise.ch\/de\/wp-json\/wp\/v2\/media?parent=54994"}],"wp:term":[{"taxonomy":"product_brand","embeddable":true,"href":"https:\/\/www.bise.ch\/de\/wp-json\/wp\/v2\/product_brand?post=54994"},{"taxonomy":"product_cat","embeddable":true,"href":"https:\/\/www.bise.ch\/de\/wp-json\/wp\/v2\/product_cat?post=54994"},{"taxonomy":"product_tag","embeddable":true,"href":"https:\/\/www.bise.ch\/de\/wp-json\/wp\/v2\/product_tag?post=54994"}],"curies":[{"name":"wp","href":"https:\/\/api.w.org\/{rel}","templated":true}]}}

<p><strong>SITAG AKUSTISCHE TRENNWÄNDE&nbsp;</strong></p>
<p>LÄRM IM BÜRO&nbsp;ist nicht nur störend, sondern auch gefährlich.<br />
zu Stress, verminderter Leistung und kann im Falle eines Unfalls sogar zu einem Unfall führen.<br />
im schlimmsten Fall krank machen. SITAG AKUSTISCHE TRENNWÄNDE<br />
reduzieren auf einfache Weise die Lärmbelästigung, sehen elegant aus<br />
und umweltfreundlich.</p>
<p>DIE FEUERSTRUKTUR DER AKUSTIKWÄNDE<br />
SITAG besteht aus einer Vliesoberfläche, die hergestellt wird aus<br />
recycelten PET-Flaschen. Diese Oberfläche reguliert die Feuchtigkeit<br />
und Wärme und verbessert dadurch das Raumklima. Die Farben der<br />
Fasern sind sehr robust und völlig emissionsfrei.<br />
Die AKUSTIKWÄNDE sind einfach zu montieren oder zu installieren.<br />
SITAG sind in verschiedenen Größen erhältlich und sehr vielseitig einsetzbar.</p>
<p><strong>SITAG AKUSTISCHE TRENNWÄNDE</strong></p>
<p>werden mit Hilfe von Eck- oder Verbindungsstücken miteinander verbunden.<br />
Längsrichtung. Der Anschluss an den Schreibtisch erfolgt entweder mit<br />
Die Wände werden entweder mit Hilfe eines Adapters oder durch Aufstellen der Wände auf einem Ständer montiert.</p>
<p>SITAG-AKUSTIKWÄNDE sind in drei Varianten erhältlich<br />
freundliche Farben. Die Teile für die Befestigung und Montage sind<br />
und in fünf Farben erhältlich.</p>

<!-- This site is optimized with the Yoast SEO plugin v27.1.1 - https://yoast.com/product/yoast-seo-wordpress/ -->
<title>100% PET | Möbel Bise | Möbelgeschäft | Möbel | Freiburg | Bulle</title>
<meta name="robots" content="index, follow, max-snippet:-1, max-image-preview:large, max-video-preview:-1" />
<link rel="canonical" href="https://www.bise.ch/de/produit/100-pet/" />
<meta property="og:locale" content="de_DE" />
<meta property="og:type" content="article" />
<meta property="og:title" content="100% PET | Möbel Bise | Möbelgeschäft | Möbel | Freiburg | Bulle" />
<meta property="og:description" content="Akustische Wand" />
<meta property="og:url" content="https://www.bise.ch/de/produit/100-pet/" />
<meta property="og:site_name" content="Möbel Bise | Möbelgeschäft | Möbel | Freiburg | Bulle" />
<meta property="article:publisher" content="https://www.facebook.com/bisemeubles/" />
<meta property="og:image" content="https://www.bise.ch/wp-content/uploads/akustikwaende_00065_waver1920x1080-jpg.webp" />
	<meta property="og:image:width" content="1619" />
	<meta property="og:image:height" content="1080" />
	<meta property="og:image:type" content="image/jpeg" />
<meta name="twitter:card" content="summary_large_image" />
<meta name="twitter:label1" content="Geschätzte Lesezeit" />
	<meta name="twitter:data1" content="1 Minute" />
<script type="application/ld+json" class="yoast-schema-graph">{"@context":"https://schema.org","@graph":[{"@type":"WebPage","@id":"https://www.bise.ch/de/produit/100-pet/","url":"https://www.bise.ch/de/produit/100-pet/","name":"100% PET | Möbel Bise | Möbelgeschäft | Möbel | Freiburg | Bulle","isPartOf":{"@id":"https://www.bise.ch/de/#website"},"primaryImageOfPage":{"@id":"https://www.bise.ch/de/produit/100-pet/#primaryimage"},"image":{"@id":"https://www.bise.ch/de/produit/100-pet/#primaryimage"},"thumbnailUrl":"https://www.bise.ch/wp-content/uploads/akustikwaende_00065_waver1920x1080-jpg.webp","datePublished":"2022-04-14T11:26:06+00:00","breadcrumb":{"@id":"https://www.bise.ch/de/produit/100-pet/#breadcrumb"},"inLanguage":"de","potentialAction":[{"@type":"ReadAction","target":["https://www.bise.ch/de/produit/100-pet/"]}]},{"@type":"ImageObject","inLanguage":"de","@id":"https://www.bise.ch/de/produit/100-pet/#primaryimage","url":"https://www.bise.ch/wp-content/uploads/akustikwaende_00065_waver1920x1080-jpg.webp","contentUrl":"https://www.bise.ch/wp-content/uploads/akustikwaende_00065_waver1920x1080-jpg.webp","width":1619,"height":1080,"caption":"akustikwaende_00065_waver1920x1080"},{"@type":"BreadcrumbList","@id":"https://www.bise.ch/de/produit/100-pet/#breadcrumb","itemListElement":[{"@type":"ListItem","position":1,"name":"Startseite","item":"https://www.bise.ch/de/"},{"@type":"ListItem","position":2,"name":"Shop","item":"https://www.bise.ch/de/shop/"},{"@type":"ListItem","position":3,"name":"100% PET"}]},{"@type":"WebSite","@id":"https://www.bise.ch/de/#website","url":"https://www.bise.ch/de/","name":"Meubles Bise | Magasin de meubles | Mobilier | Fribourg | Bulle","description":"Wir erwecken Ihre Räume zum Leben","publisher":{"@id":"https://www.bise.ch/de/#organization"},"alternateName":"Georges Bise SA","potentialAction":[{"@type":"SearchAction","target":{"@type":"EntryPoint","urlTemplate":"https://www.bise.ch/de/?s={search_term_string}"},"query-input":{"@type":"PropertyValueSpecification","valueRequired":true,"valueName":"search_term_string"}}],"inLanguage":"de"},{"@type":"Organization","@id":"https://www.bise.ch/de/#organization","name":"Möbel Bise | Möbelgeschäft | Möbel | Freiburg | Bulle","alternateName":"Georges Bise SA","url":"https://www.bise.ch/de/","logo":{"@type":"ImageObject","inLanguage":"de","@id":"https://www.bise.ch/de/#/schema/logo/image/","url":"https://www.bise.ch/wp-content/uploads/LogoBise.png","contentUrl":"https://www.bise.ch/wp-content/uploads/LogoBise.png","width":4267,"height":4267,"caption":"Möbel Bise | Möbelgeschäft | Möbel | Freiburg | Bulle"},"image":{"@id":"https://www.bise.ch/de/#/schema/logo/image/"},"sameAs":["https://www.facebook.com/bisemeubles/","https://www.instagram.com/bisemeubles/","https://ch.linkedin.com/company/bise-meubles-moebel"]}]}</script>
<!-- / Yoast SEO plugin. -->

100% PET | Möbel Bise | Möbelgeschäft | Möbel | Freiburg | Bulle

Möbel Bise | Möbelgeschäft | Möbel | Freiburg | Bulle
