{"id":55368,"date":"2017-11-14T11:11:34","date_gmt":"2017-11-14T10:11:34","guid":{"rendered":"https:\/\/bise.ch\/produit\/alfred\/"},"modified":"2017-11-14T11:11:34","modified_gmt":"2017-11-14T10:11:34","slug":"alfred","status":"publish","type":"product","link":"https:\/\/www.bise.ch\/de\/produit\/alfred\/","title":{"rendered":"Alfred"},"content":{"rendered":"<p>Ein moderner Servierwagen mit einem klaren Stil, der von den 50er Jahren inspiriert ist. Dieser Beistelltisch aus Metall ist mit seinem Griff und seinen Rollen leicht zu transportieren und bietet eine moderne und farbenfrohe Neuinterpretation des Werkstattwagens. Er ist sehr vielseitig und passt sich allen Bed\u00fcrfnissen an: in &amp; out, Teller oder Pflanzen, B\u00fcro- oder Terrassentisch, Minibar. Es gibt keine Grenzen, Alfred ist funktionell und f\u00fcrsorglich. Er hat auch einen Hauch von Phantasie mit seinen bunten Outfits und seiner asymmetrischen Struktur. Ein idealer Diener, der sich sowohl drinnen als auch drau\u00dfen wohlf\u00fchlt!<\/p>\n","protected":false},"excerpt":{"rendered":"<p>Servierwagen<\/p>\n","protected":false},"featured_media":35085,"template":"","meta":{"_et_pb_use_builder":"","_et_pb_old_content":"","_et_gb_content_width":""},"product_brand":[4294],"product_cat":[3770],"product_tag":[],"class_list":{"0":"post-55368","1":"product","2":"type-product","3":"status-publish","4":"has-post-thumbnail","6":"product_brand-fermob_de","7":"product_cat-produkte","8":"pa_designation_de-servierboy-de","9":"pa_designation_fr-servierwagen","11":"first","12":"instock","13":"shipping-taxable","14":"purchasable","15":"product-type-simple"},"yoast_head":"<!-- This site is optimized with the Yoast SEO plugin v27.1.1 - https:\/\/yoast.com\/product\/yoast-seo-wordpress\/ -->\n<title>Alfred | M\u00f6bel Bise | M\u00f6belgesch\u00e4ft | M\u00f6bel | Freiburg | Bulle<\/title>\n<meta name=\"robots\" content=\"index, follow, max-snippet:-1, max-image-preview:large, max-video-preview:-1\" \/>\n<link rel=\"canonical\" href=\"https:\/\/www.bise.ch\/de\/produit\/alfred\/\" \/>\n<meta property=\"og:locale\" content=\"de_DE\" \/>\n<meta property=\"og:type\" content=\"article\" \/>\n<meta property=\"og:title\" content=\"Alfred | M\u00f6bel Bise | M\u00f6belgesch\u00e4ft | M\u00f6bel | Freiburg | Bulle\" \/>\n<meta property=\"og:description\" content=\"Servierwagen\" \/>\n<meta property=\"og:url\" content=\"https:\/\/www.bise.ch\/de\/produit\/alfred\/\" \/>\n<meta property=\"og:site_name\" content=\"M\u00f6bel Bise | M\u00f6belgesch\u00e4ft | M\u00f6bel | Freiburg | Bulle\" \/>\n<meta property=\"article:publisher\" content=\"https:\/\/www.facebook.com\/bisemeubles\/\" \/>\n<meta property=\"og:image\" content=\"https:\/\/www.bise.ch\/wp-content\/uploads\/alfred_tom_watson_pour_fermob.png\" \/>\n\t<meta property=\"og:image:width\" content=\"1920\" \/>\n\t<meta property=\"og:image:height\" content=\"1080\" \/>\n\t<meta property=\"og:image:type\" content=\"image\/png\" \/>\n<meta name=\"twitter:card\" content=\"summary_large_image\" \/>\n<script type=\"application\/ld+json\" class=\"yoast-schema-graph\">{\"@context\":\"https:\/\/schema.org\",\"@graph\":[{\"@type\":\"WebPage\",\"@id\":\"https:\/\/www.bise.ch\/de\/produit\/alfred\/\",\"url\":\"https:\/\/www.bise.ch\/de\/produit\/alfred\/\",\"name\":\"Alfred | M\u00f6bel Bise | M\u00f6belgesch\u00e4ft | M\u00f6bel | Freiburg | Bulle\",\"isPartOf\":{\"@id\":\"https:\/\/www.bise.ch\/de\/#website\"},\"primaryImageOfPage\":{\"@id\":\"https:\/\/www.bise.ch\/de\/produit\/alfred\/#primaryimage\"},\"image\":{\"@id\":\"https:\/\/www.bise.ch\/de\/produit\/alfred\/#primaryimage\"},\"thumbnailUrl\":\"https:\/\/www.bise.ch\/wp-content\/uploads\/alfred_tom_watson_pour_fermob.png\",\"datePublished\":\"2017-11-14T10:11:34+00:00\",\"breadcrumb\":{\"@id\":\"https:\/\/www.bise.ch\/de\/produit\/alfred\/#breadcrumb\"},\"inLanguage\":\"de\",\"potentialAction\":[{\"@type\":\"ReadAction\",\"target\":[\"https:\/\/www.bise.ch\/de\/produit\/alfred\/\"]}]},{\"@type\":\"ImageObject\",\"inLanguage\":\"de\",\"@id\":\"https:\/\/www.bise.ch\/de\/produit\/alfred\/#primaryimage\",\"url\":\"https:\/\/www.bise.ch\/wp-content\/uploads\/alfred_tom_watson_pour_fermob.png\",\"contentUrl\":\"https:\/\/www.bise.ch\/wp-content\/uploads\/alfred_tom_watson_pour_fermob.png\",\"width\":1920,\"height\":1080},{\"@type\":\"BreadcrumbList\",\"@id\":\"https:\/\/www.bise.ch\/de\/produit\/alfred\/#breadcrumb\",\"itemListElement\":[{\"@type\":\"ListItem\",\"position\":1,\"name\":\"Startseite\",\"item\":\"https:\/\/www.bise.ch\/de\/\"},{\"@type\":\"ListItem\",\"position\":2,\"name\":\"Shop\",\"item\":\"https:\/\/www.bise.ch\/de\/shop\/\"},{\"@type\":\"ListItem\",\"position\":3,\"name\":\"Alfred\"}]},{\"@type\":\"WebSite\",\"@id\":\"https:\/\/www.bise.ch\/de\/#website\",\"url\":\"https:\/\/www.bise.ch\/de\/\",\"name\":\"Meubles Bise | Magasin de meubles | Mobilier | Fribourg | Bulle\",\"description\":\"Wir erwecken Ihre Ra\u0308ume zum Leben\",\"publisher\":{\"@id\":\"https:\/\/www.bise.ch\/de\/#organization\"},\"alternateName\":\"Georges Bise SA\",\"potentialAction\":[{\"@type\":\"SearchAction\",\"target\":{\"@type\":\"EntryPoint\",\"urlTemplate\":\"https:\/\/www.bise.ch\/de\/?s={search_term_string}\"},\"query-input\":{\"@type\":\"PropertyValueSpecification\",\"valueRequired\":true,\"valueName\":\"search_term_string\"}}],\"inLanguage\":\"de\"},{\"@type\":\"Organization\",\"@id\":\"https:\/\/www.bise.ch\/de\/#organization\",\"name\":\"M\u00f6bel Bise | M\u00f6belgesch\u00e4ft | M\u00f6bel | Freiburg | Bulle\",\"alternateName\":\"Georges Bise SA\",\"url\":\"https:\/\/www.bise.ch\/de\/\",\"logo\":{\"@type\":\"ImageObject\",\"inLanguage\":\"de\",\"@id\":\"https:\/\/www.bise.ch\/de\/#\/schema\/logo\/image\/\",\"url\":\"https:\/\/www.bise.ch\/wp-content\/uploads\/LogoBise.png\",\"contentUrl\":\"https:\/\/www.bise.ch\/wp-content\/uploads\/LogoBise.png\",\"width\":4267,\"height\":4267,\"caption\":\"M\u00f6bel Bise | M\u00f6belgesch\u00e4ft | M\u00f6bel | Freiburg | Bulle\"},\"image\":{\"@id\":\"https:\/\/www.bise.ch\/de\/#\/schema\/logo\/image\/\"},\"sameAs\":[\"https:\/\/www.facebook.com\/bisemeubles\/\",\"https:\/\/www.instagram.com\/bisemeubles\/\",\"https:\/\/ch.linkedin.com\/company\/bise-meubles-moebel\"]}]}<\/script>\n<!-- \/ Yoast SEO plugin. -->","yoast_head_json":{"title":"Alfred | M\u00f6bel Bise | M\u00f6belgesch\u00e4ft | M\u00f6bel | Freiburg | Bulle","robots":{"index":"index","follow":"follow","max-snippet":"max-snippet:-1","max-image-preview":"max-image-preview:large","max-video-preview":"max-video-preview:-1"},"canonical":"https:\/\/www.bise.ch\/de\/produit\/alfred\/","og_locale":"de_DE","og_type":"article","og_title":"Alfred | M\u00f6bel Bise | M\u00f6belgesch\u00e4ft | M\u00f6bel | Freiburg | Bulle","og_description":"Servierwagen","og_url":"https:\/\/www.bise.ch\/de\/produit\/alfred\/","og_site_name":"M\u00f6bel Bise | M\u00f6belgesch\u00e4ft | M\u00f6bel | Freiburg | Bulle","article_publisher":"https:\/\/www.facebook.com\/bisemeubles\/","og_image":[{"width":1920,"height":1080,"url":"https:\/\/www.bise.ch\/wp-content\/uploads\/alfred_tom_watson_pour_fermob.png","type":"image\/png"}],"twitter_card":"summary_large_image","schema":{"@context":"https:\/\/schema.org","@graph":[{"@type":"WebPage","@id":"https:\/\/www.bise.ch\/de\/produit\/alfred\/","url":"https:\/\/www.bise.ch\/de\/produit\/alfred\/","name":"Alfred | M\u00f6bel Bise | M\u00f6belgesch\u00e4ft | M\u00f6bel | Freiburg | Bulle","isPartOf":{"@id":"https:\/\/www.bise.ch\/de\/#website"},"primaryImageOfPage":{"@id":"https:\/\/www.bise.ch\/de\/produit\/alfred\/#primaryimage"},"image":{"@id":"https:\/\/www.bise.ch\/de\/produit\/alfred\/#primaryimage"},"thumbnailUrl":"https:\/\/www.bise.ch\/wp-content\/uploads\/alfred_tom_watson_pour_fermob.png","datePublished":"2017-11-14T10:11:34+00:00","breadcrumb":{"@id":"https:\/\/www.bise.ch\/de\/produit\/alfred\/#breadcrumb"},"inLanguage":"de","potentialAction":[{"@type":"ReadAction","target":["https:\/\/www.bise.ch\/de\/produit\/alfred\/"]}]},{"@type":"ImageObject","inLanguage":"de","@id":"https:\/\/www.bise.ch\/de\/produit\/alfred\/#primaryimage","url":"https:\/\/www.bise.ch\/wp-content\/uploads\/alfred_tom_watson_pour_fermob.png","contentUrl":"https:\/\/www.bise.ch\/wp-content\/uploads\/alfred_tom_watson_pour_fermob.png","width":1920,"height":1080},{"@type":"BreadcrumbList","@id":"https:\/\/www.bise.ch\/de\/produit\/alfred\/#breadcrumb","itemListElement":[{"@type":"ListItem","position":1,"name":"Startseite","item":"https:\/\/www.bise.ch\/de\/"},{"@type":"ListItem","position":2,"name":"Shop","item":"https:\/\/www.bise.ch\/de\/shop\/"},{"@type":"ListItem","position":3,"name":"Alfred"}]},{"@type":"WebSite","@id":"https:\/\/www.bise.ch\/de\/#website","url":"https:\/\/www.bise.ch\/de\/","name":"Meubles Bise | Magasin de meubles | Mobilier | Fribourg | Bulle","description":"Wir erwecken Ihre Ra\u0308ume zum Leben","publisher":{"@id":"https:\/\/www.bise.ch\/de\/#organization"},"alternateName":"Georges Bise SA","potentialAction":[{"@type":"SearchAction","target":{"@type":"EntryPoint","urlTemplate":"https:\/\/www.bise.ch\/de\/?s={search_term_string}"},"query-input":{"@type":"PropertyValueSpecification","valueRequired":true,"valueName":"search_term_string"}}],"inLanguage":"de"},{"@type":"Organization","@id":"https:\/\/www.bise.ch\/de\/#organization","name":"M\u00f6bel Bise | M\u00f6belgesch\u00e4ft | M\u00f6bel | Freiburg | Bulle","alternateName":"Georges Bise SA","url":"https:\/\/www.bise.ch\/de\/","logo":{"@type":"ImageObject","inLanguage":"de","@id":"https:\/\/www.bise.ch\/de\/#\/schema\/logo\/image\/","url":"https:\/\/www.bise.ch\/wp-content\/uploads\/LogoBise.png","contentUrl":"https:\/\/www.bise.ch\/wp-content\/uploads\/LogoBise.png","width":4267,"height":4267,"caption":"M\u00f6bel Bise | M\u00f6belgesch\u00e4ft | M\u00f6bel | Freiburg | Bulle"},"image":{"@id":"https:\/\/www.bise.ch\/de\/#\/schema\/logo\/image\/"},"sameAs":["https:\/\/www.facebook.com\/bisemeubles\/","https:\/\/www.instagram.com\/bisemeubles\/","https:\/\/ch.linkedin.com\/company\/bise-meubles-moebel"]}]}},"_links":{"self":[{"href":"https:\/\/www.bise.ch\/de\/wp-json\/wp\/v2\/product\/55368","targetHints":{"allow":["GET"]}}],"collection":[{"href":"https:\/\/www.bise.ch\/de\/wp-json\/wp\/v2\/product"}],"about":[{"href":"https:\/\/www.bise.ch\/de\/wp-json\/wp\/v2\/types\/product"}],"wp:featuredmedia":[{"embeddable":true,"href":"https:\/\/www.bise.ch\/de\/wp-json\/wp\/v2\/media\/35085"}],"wp:attachment":[{"href":"https:\/\/www.bise.ch\/de\/wp-json\/wp\/v2\/media?parent=55368"}],"wp:term":[{"taxonomy":"product_brand","embeddable":true,"href":"https:\/\/www.bise.ch\/de\/wp-json\/wp\/v2\/product_brand?post=55368"},{"taxonomy":"product_cat","embeddable":true,"href":"https:\/\/www.bise.ch\/de\/wp-json\/wp\/v2\/product_cat?post=55368"},{"taxonomy":"product_tag","embeddable":true,"href":"https:\/\/www.bise.ch\/de\/wp-json\/wp\/v2\/product_tag?post=55368"}],"curies":[{"name":"wp","href":"https:\/\/api.w.org\/{rel}","templated":true}]}}

<p>Ein moderner Servierwagen mit einem klaren Stil, der von den 50er Jahren inspiriert ist. Dieser Beistelltisch aus Metall ist mit seinem Griff und seinen Rollen leicht zu transportieren und bietet eine moderne und farbenfrohe Neuinterpretation des Werkstattwagens. Er ist sehr vielseitig und passt sich allen Bedürfnissen an: in &amp; out, Teller oder Pflanzen, Büro- oder Terrassentisch, Minibar. Es gibt keine Grenzen, Alfred ist funktionell und fürsorglich. Er hat auch einen Hauch von Phantasie mit seinen bunten Outfits und seiner asymmetrischen Struktur. Ein idealer Diener, der sich sowohl drinnen als auch draußen wohlfühlt!</p>

<!-- This site is optimized with the Yoast SEO plugin v27.1.1 - https://yoast.com/product/yoast-seo-wordpress/ -->
<title>Alfred | Möbel Bise | Möbelgeschäft | Möbel | Freiburg | Bulle</title>
<meta name="robots" content="index, follow, max-snippet:-1, max-image-preview:large, max-video-preview:-1" />
<link rel="canonical" href="https://www.bise.ch/de/produit/alfred/" />
<meta property="og:locale" content="de_DE" />
<meta property="og:type" content="article" />
<meta property="og:title" content="Alfred | Möbel Bise | Möbelgeschäft | Möbel | Freiburg | Bulle" />
<meta property="og:description" content="Servierwagen" />
<meta property="og:url" content="https://www.bise.ch/de/produit/alfred/" />
<meta property="og:site_name" content="Möbel Bise | Möbelgeschäft | Möbel | Freiburg | Bulle" />
<meta property="article:publisher" content="https://www.facebook.com/bisemeubles/" />
<meta property="og:image" content="https://www.bise.ch/wp-content/uploads/alfred_tom_watson_pour_fermob.png" />
	<meta property="og:image:width" content="1920" />
	<meta property="og:image:height" content="1080" />
	<meta property="og:image:type" content="image/png" />
<meta name="twitter:card" content="summary_large_image" />
<script type="application/ld+json" class="yoast-schema-graph">{"@context":"https://schema.org","@graph":[{"@type":"WebPage","@id":"https://www.bise.ch/de/produit/alfred/","url":"https://www.bise.ch/de/produit/alfred/","name":"Alfred | Möbel Bise | Möbelgeschäft | Möbel | Freiburg | Bulle","isPartOf":{"@id":"https://www.bise.ch/de/#website"},"primaryImageOfPage":{"@id":"https://www.bise.ch/de/produit/alfred/#primaryimage"},"image":{"@id":"https://www.bise.ch/de/produit/alfred/#primaryimage"},"thumbnailUrl":"https://www.bise.ch/wp-content/uploads/alfred_tom_watson_pour_fermob.png","datePublished":"2017-11-14T10:11:34+00:00","breadcrumb":{"@id":"https://www.bise.ch/de/produit/alfred/#breadcrumb"},"inLanguage":"de","potentialAction":[{"@type":"ReadAction","target":["https://www.bise.ch/de/produit/alfred/"]}]},{"@type":"ImageObject","inLanguage":"de","@id":"https://www.bise.ch/de/produit/alfred/#primaryimage","url":"https://www.bise.ch/wp-content/uploads/alfred_tom_watson_pour_fermob.png","contentUrl":"https://www.bise.ch/wp-content/uploads/alfred_tom_watson_pour_fermob.png","width":1920,"height":1080},{"@type":"BreadcrumbList","@id":"https://www.bise.ch/de/produit/alfred/#breadcrumb","itemListElement":[{"@type":"ListItem","position":1,"name":"Startseite","item":"https://www.bise.ch/de/"},{"@type":"ListItem","position":2,"name":"Shop","item":"https://www.bise.ch/de/shop/"},{"@type":"ListItem","position":3,"name":"Alfred"}]},{"@type":"WebSite","@id":"https://www.bise.ch/de/#website","url":"https://www.bise.ch/de/","name":"Meubles Bise | Magasin de meubles | Mobilier | Fribourg | Bulle","description":"Wir erwecken Ihre Räume zum Leben","publisher":{"@id":"https://www.bise.ch/de/#organization"},"alternateName":"Georges Bise SA","potentialAction":[{"@type":"SearchAction","target":{"@type":"EntryPoint","urlTemplate":"https://www.bise.ch/de/?s={search_term_string}"},"query-input":{"@type":"PropertyValueSpecification","valueRequired":true,"valueName":"search_term_string"}}],"inLanguage":"de"},{"@type":"Organization","@id":"https://www.bise.ch/de/#organization","name":"Möbel Bise | Möbelgeschäft | Möbel | Freiburg | Bulle","alternateName":"Georges Bise SA","url":"https://www.bise.ch/de/","logo":{"@type":"ImageObject","inLanguage":"de","@id":"https://www.bise.ch/de/#/schema/logo/image/","url":"https://www.bise.ch/wp-content/uploads/LogoBise.png","contentUrl":"https://www.bise.ch/wp-content/uploads/LogoBise.png","width":4267,"height":4267,"caption":"Möbel Bise | Möbelgeschäft | Möbel | Freiburg | Bulle"},"image":{"@id":"https://www.bise.ch/de/#/schema/logo/image/"},"sameAs":["https://www.facebook.com/bisemeubles/","https://www.instagram.com/bisemeubles/","https://ch.linkedin.com/company/bise-meubles-moebel"]}]}</script>
<!-- / Yoast SEO plugin. -->

Alfred | Möbel Bise | Möbelgeschäft | Möbel | Freiburg | Bulle

Möbel Bise | Möbelgeschäft | Möbel | Freiburg | Bulle
