{"id":55369,"date":"2017-11-14T11:11:34","date_gmt":"2017-11-14T10:11:34","guid":{"rendered":"https:\/\/bise.ch\/produit\/adada\/"},"modified":"2017-11-14T11:11:34","modified_gmt":"2017-11-14T10:11:34","slug":"adada","status":"publish","type":"product","link":"https:\/\/www.bise.ch\/de\/produit\/adada\/","title":{"rendered":"Adada"},"content":{"rendered":"<p><strong>Ich bin gut drauf, Papa!<\/strong><br \/>\nDie Eltern lieben das Design dieses Schaukelpferdes, die Kinder reiten darauf! Und h\u00fc! Der ungew\u00f6hnliche Vierbeiner ist so liebenswert: ein Design, das den Standards f\u00fcr Spielzeugsicherheit entspricht, eine leichte Aluminiumstruktur und Kufen, die den Boden nicht zerkratzen. Er k\u00fcmmert sich auch um den Planeten, da er die vorhandenen Teile und Rohre der Fermob-M\u00f6bel verwendet und sich von der \u00c4sthetik der ikonischen Kollektion Luxembourg inspirieren l\u00e4sst. Adada ist wirklich fantastisch! Die Kinder werden ihn \u00fcberall reiten, drinnen, drau\u00dfen, im hintersten Winkel des Gartens. Die Schwierigkeit besteht nicht darin, ihn zu z\u00e4hmen, sondern die Farbe zu w\u00e4hlen! Eine Geschenkidee, die Ihre Kleinen begeistern wird!<\/p>\n","protected":false},"excerpt":{"rendered":"<p>Schaukelpferd<\/p>\n","protected":false},"featured_media":35032,"template":"","meta":{"_et_pb_use_builder":"","_et_pb_old_content":"","_et_gb_content_width":""},"product_brand":[4294],"product_cat":[3770],"product_tag":[],"class_list":{"0":"post-55369","1":"product","2":"type-product","3":"status-publish","4":"has-post-thumbnail","6":"product_brand-fermob_de","7":"product_cat-produkte","8":"pa_designation_de-schaukelpferd-de","9":"pa_designation_fr-schaukelpferd","11":"first","12":"instock","13":"shipping-taxable","14":"purchasable","15":"product-type-simple"},"yoast_head":"<!-- This site is optimized with the Yoast SEO plugin v27.1.1 - https:\/\/yoast.com\/product\/yoast-seo-wordpress\/ -->\n<title>Adada | M\u00f6bel Bise | M\u00f6belgesch\u00e4ft | M\u00f6bel | Freiburg | Bulle<\/title>\n<meta name=\"robots\" content=\"index, follow, max-snippet:-1, max-image-preview:large, max-video-preview:-1\" \/>\n<link rel=\"canonical\" href=\"https:\/\/www.bise.ch\/de\/produit\/adada\/\" \/>\n<meta property=\"og:locale\" content=\"de_DE\" \/>\n<meta property=\"og:type\" content=\"article\" \/>\n<meta property=\"og:title\" content=\"Adada | M\u00f6bel Bise | M\u00f6belgesch\u00e4ft | M\u00f6bel | Freiburg | Bulle\" \/>\n<meta property=\"og:description\" content=\"Schaukelpferd\" \/>\n<meta property=\"og:url\" content=\"https:\/\/www.bise.ch\/de\/produit\/adada\/\" \/>\n<meta property=\"og:site_name\" content=\"M\u00f6bel Bise | M\u00f6belgesch\u00e4ft | M\u00f6bel | Freiburg | Bulle\" \/>\n<meta property=\"article:publisher\" content=\"https:\/\/www.facebook.com\/bisemeubles\/\" \/>\n<meta property=\"og:image\" content=\"https:\/\/www.bise.ch\/wp-content\/uploads\/adada_tom_watson_pour_fermob_0-1024x576.png\" \/>\n\t<meta property=\"og:image:width\" content=\"1024\" \/>\n\t<meta property=\"og:image:height\" content=\"576\" \/>\n\t<meta property=\"og:image:type\" content=\"image\/png\" \/>\n<meta name=\"twitter:card\" content=\"summary_large_image\" \/>\n<meta name=\"twitter:label1\" content=\"Gesch\u00e4tzte Lesezeit\" \/>\n\t<meta name=\"twitter:data1\" content=\"1\u00a0Minute\" \/>\n<script type=\"application\/ld+json\" class=\"yoast-schema-graph\">{\"@context\":\"https:\/\/schema.org\",\"@graph\":[{\"@type\":\"WebPage\",\"@id\":\"https:\/\/www.bise.ch\/de\/produit\/adada\/\",\"url\":\"https:\/\/www.bise.ch\/de\/produit\/adada\/\",\"name\":\"Adada | M\u00f6bel Bise | M\u00f6belgesch\u00e4ft | M\u00f6bel | Freiburg | Bulle\",\"isPartOf\":{\"@id\":\"https:\/\/www.bise.ch\/de\/#website\"},\"primaryImageOfPage\":{\"@id\":\"https:\/\/www.bise.ch\/de\/produit\/adada\/#primaryimage\"},\"image\":{\"@id\":\"https:\/\/www.bise.ch\/de\/produit\/adada\/#primaryimage\"},\"thumbnailUrl\":\"https:\/\/www.bise.ch\/wp-content\/uploads\/adada_tom_watson_pour_fermob_0.png\",\"datePublished\":\"2017-11-14T10:11:34+00:00\",\"breadcrumb\":{\"@id\":\"https:\/\/www.bise.ch\/de\/produit\/adada\/#breadcrumb\"},\"inLanguage\":\"de\",\"potentialAction\":[{\"@type\":\"ReadAction\",\"target\":[\"https:\/\/www.bise.ch\/de\/produit\/adada\/\"]}]},{\"@type\":\"ImageObject\",\"inLanguage\":\"de\",\"@id\":\"https:\/\/www.bise.ch\/de\/produit\/adada\/#primaryimage\",\"url\":\"https:\/\/www.bise.ch\/wp-content\/uploads\/adada_tom_watson_pour_fermob_0.png\",\"contentUrl\":\"https:\/\/www.bise.ch\/wp-content\/uploads\/adada_tom_watson_pour_fermob_0.png\",\"width\":1920,\"height\":1080},{\"@type\":\"BreadcrumbList\",\"@id\":\"https:\/\/www.bise.ch\/de\/produit\/adada\/#breadcrumb\",\"itemListElement\":[{\"@type\":\"ListItem\",\"position\":1,\"name\":\"Startseite\",\"item\":\"https:\/\/www.bise.ch\/de\/\"},{\"@type\":\"ListItem\",\"position\":2,\"name\":\"Shop\",\"item\":\"https:\/\/www.bise.ch\/de\/shop\/\"},{\"@type\":\"ListItem\",\"position\":3,\"name\":\"Adada\"}]},{\"@type\":\"WebSite\",\"@id\":\"https:\/\/www.bise.ch\/de\/#website\",\"url\":\"https:\/\/www.bise.ch\/de\/\",\"name\":\"Meubles Bise | Magasin de meubles | Mobilier | Fribourg | Bulle\",\"description\":\"Wir erwecken Ihre Ra\u0308ume zum Leben\",\"publisher\":{\"@id\":\"https:\/\/www.bise.ch\/de\/#organization\"},\"alternateName\":\"Georges Bise SA\",\"potentialAction\":[{\"@type\":\"SearchAction\",\"target\":{\"@type\":\"EntryPoint\",\"urlTemplate\":\"https:\/\/www.bise.ch\/de\/?s={search_term_string}\"},\"query-input\":{\"@type\":\"PropertyValueSpecification\",\"valueRequired\":true,\"valueName\":\"search_term_string\"}}],\"inLanguage\":\"de\"},{\"@type\":\"Organization\",\"@id\":\"https:\/\/www.bise.ch\/de\/#organization\",\"name\":\"M\u00f6bel Bise | M\u00f6belgesch\u00e4ft | M\u00f6bel | Freiburg | Bulle\",\"alternateName\":\"Georges Bise SA\",\"url\":\"https:\/\/www.bise.ch\/de\/\",\"logo\":{\"@type\":\"ImageObject\",\"inLanguage\":\"de\",\"@id\":\"https:\/\/www.bise.ch\/de\/#\/schema\/logo\/image\/\",\"url\":\"https:\/\/www.bise.ch\/wp-content\/uploads\/LogoBise.png\",\"contentUrl\":\"https:\/\/www.bise.ch\/wp-content\/uploads\/LogoBise.png\",\"width\":4267,\"height\":4267,\"caption\":\"M\u00f6bel Bise | M\u00f6belgesch\u00e4ft | M\u00f6bel | Freiburg | Bulle\"},\"image\":{\"@id\":\"https:\/\/www.bise.ch\/de\/#\/schema\/logo\/image\/\"},\"sameAs\":[\"https:\/\/www.facebook.com\/bisemeubles\/\",\"https:\/\/www.instagram.com\/bisemeubles\/\",\"https:\/\/ch.linkedin.com\/company\/bise-meubles-moebel\"]}]}<\/script>\n<!-- \/ Yoast SEO plugin. -->","yoast_head_json":{"title":"Adada | M\u00f6bel Bise | M\u00f6belgesch\u00e4ft | M\u00f6bel | Freiburg | Bulle","robots":{"index":"index","follow":"follow","max-snippet":"max-snippet:-1","max-image-preview":"max-image-preview:large","max-video-preview":"max-video-preview:-1"},"canonical":"https:\/\/www.bise.ch\/de\/produit\/adada\/","og_locale":"de_DE","og_type":"article","og_title":"Adada | M\u00f6bel Bise | M\u00f6belgesch\u00e4ft | M\u00f6bel | Freiburg | Bulle","og_description":"Schaukelpferd","og_url":"https:\/\/www.bise.ch\/de\/produit\/adada\/","og_site_name":"M\u00f6bel Bise | M\u00f6belgesch\u00e4ft | M\u00f6bel | Freiburg | Bulle","article_publisher":"https:\/\/www.facebook.com\/bisemeubles\/","og_image":[{"width":1024,"height":576,"url":"https:\/\/www.bise.ch\/wp-content\/uploads\/adada_tom_watson_pour_fermob_0-1024x576.png","type":"image\/png"}],"twitter_card":"summary_large_image","twitter_misc":{"Gesch\u00e4tzte Lesezeit":"1\u00a0Minute"},"schema":{"@context":"https:\/\/schema.org","@graph":[{"@type":"WebPage","@id":"https:\/\/www.bise.ch\/de\/produit\/adada\/","url":"https:\/\/www.bise.ch\/de\/produit\/adada\/","name":"Adada | M\u00f6bel Bise | M\u00f6belgesch\u00e4ft | M\u00f6bel | Freiburg | Bulle","isPartOf":{"@id":"https:\/\/www.bise.ch\/de\/#website"},"primaryImageOfPage":{"@id":"https:\/\/www.bise.ch\/de\/produit\/adada\/#primaryimage"},"image":{"@id":"https:\/\/www.bise.ch\/de\/produit\/adada\/#primaryimage"},"thumbnailUrl":"https:\/\/www.bise.ch\/wp-content\/uploads\/adada_tom_watson_pour_fermob_0.png","datePublished":"2017-11-14T10:11:34+00:00","breadcrumb":{"@id":"https:\/\/www.bise.ch\/de\/produit\/adada\/#breadcrumb"},"inLanguage":"de","potentialAction":[{"@type":"ReadAction","target":["https:\/\/www.bise.ch\/de\/produit\/adada\/"]}]},{"@type":"ImageObject","inLanguage":"de","@id":"https:\/\/www.bise.ch\/de\/produit\/adada\/#primaryimage","url":"https:\/\/www.bise.ch\/wp-content\/uploads\/adada_tom_watson_pour_fermob_0.png","contentUrl":"https:\/\/www.bise.ch\/wp-content\/uploads\/adada_tom_watson_pour_fermob_0.png","width":1920,"height":1080},{"@type":"BreadcrumbList","@id":"https:\/\/www.bise.ch\/de\/produit\/adada\/#breadcrumb","itemListElement":[{"@type":"ListItem","position":1,"name":"Startseite","item":"https:\/\/www.bise.ch\/de\/"},{"@type":"ListItem","position":2,"name":"Shop","item":"https:\/\/www.bise.ch\/de\/shop\/"},{"@type":"ListItem","position":3,"name":"Adada"}]},{"@type":"WebSite","@id":"https:\/\/www.bise.ch\/de\/#website","url":"https:\/\/www.bise.ch\/de\/","name":"Meubles Bise | Magasin de meubles | Mobilier | Fribourg | Bulle","description":"Wir erwecken Ihre Ra\u0308ume zum Leben","publisher":{"@id":"https:\/\/www.bise.ch\/de\/#organization"},"alternateName":"Georges Bise SA","potentialAction":[{"@type":"SearchAction","target":{"@type":"EntryPoint","urlTemplate":"https:\/\/www.bise.ch\/de\/?s={search_term_string}"},"query-input":{"@type":"PropertyValueSpecification","valueRequired":true,"valueName":"search_term_string"}}],"inLanguage":"de"},{"@type":"Organization","@id":"https:\/\/www.bise.ch\/de\/#organization","name":"M\u00f6bel Bise | M\u00f6belgesch\u00e4ft | M\u00f6bel | Freiburg | Bulle","alternateName":"Georges Bise SA","url":"https:\/\/www.bise.ch\/de\/","logo":{"@type":"ImageObject","inLanguage":"de","@id":"https:\/\/www.bise.ch\/de\/#\/schema\/logo\/image\/","url":"https:\/\/www.bise.ch\/wp-content\/uploads\/LogoBise.png","contentUrl":"https:\/\/www.bise.ch\/wp-content\/uploads\/LogoBise.png","width":4267,"height":4267,"caption":"M\u00f6bel Bise | M\u00f6belgesch\u00e4ft | M\u00f6bel | Freiburg | Bulle"},"image":{"@id":"https:\/\/www.bise.ch\/de\/#\/schema\/logo\/image\/"},"sameAs":["https:\/\/www.facebook.com\/bisemeubles\/","https:\/\/www.instagram.com\/bisemeubles\/","https:\/\/ch.linkedin.com\/company\/bise-meubles-moebel"]}]}},"_links":{"self":[{"href":"https:\/\/www.bise.ch\/de\/wp-json\/wp\/v2\/product\/55369","targetHints":{"allow":["GET"]}}],"collection":[{"href":"https:\/\/www.bise.ch\/de\/wp-json\/wp\/v2\/product"}],"about":[{"href":"https:\/\/www.bise.ch\/de\/wp-json\/wp\/v2\/types\/product"}],"wp:featuredmedia":[{"embeddable":true,"href":"https:\/\/www.bise.ch\/de\/wp-json\/wp\/v2\/media\/35032"}],"wp:attachment":[{"href":"https:\/\/www.bise.ch\/de\/wp-json\/wp\/v2\/media?parent=55369"}],"wp:term":[{"taxonomy":"product_brand","embeddable":true,"href":"https:\/\/www.bise.ch\/de\/wp-json\/wp\/v2\/product_brand?post=55369"},{"taxonomy":"product_cat","embeddable":true,"href":"https:\/\/www.bise.ch\/de\/wp-json\/wp\/v2\/product_cat?post=55369"},{"taxonomy":"product_tag","embeddable":true,"href":"https:\/\/www.bise.ch\/de\/wp-json\/wp\/v2\/product_tag?post=55369"}],"curies":[{"name":"wp","href":"https:\/\/api.w.org\/{rel}","templated":true}]}}

<p><strong>Ich bin gut drauf, Papa!</strong><br />
Die Eltern lieben das Design dieses Schaukelpferdes, die Kinder reiten darauf! Und hü! Der ungewöhnliche Vierbeiner ist so liebenswert: ein Design, das den Standards für Spielzeugsicherheit entspricht, eine leichte Aluminiumstruktur und Kufen, die den Boden nicht zerkratzen. Er kümmert sich auch um den Planeten, da er die vorhandenen Teile und Rohre der Fermob-Möbel verwendet und sich von der Ästhetik der ikonischen Kollektion Luxembourg inspirieren lässt. Adada ist wirklich fantastisch! Die Kinder werden ihn überall reiten, drinnen, draußen, im hintersten Winkel des Gartens. Die Schwierigkeit besteht nicht darin, ihn zu zähmen, sondern die Farbe zu wählen! Eine Geschenkidee, die Ihre Kleinen begeistern wird!</p>

<!-- This site is optimized with the Yoast SEO plugin v27.1.1 - https://yoast.com/product/yoast-seo-wordpress/ -->
<title>Adada | Möbel Bise | Möbelgeschäft | Möbel | Freiburg | Bulle</title>
<meta name="robots" content="index, follow, max-snippet:-1, max-image-preview:large, max-video-preview:-1" />
<link rel="canonical" href="https://www.bise.ch/de/produit/adada/" />
<meta property="og:locale" content="de_DE" />
<meta property="og:type" content="article" />
<meta property="og:title" content="Adada | Möbel Bise | Möbelgeschäft | Möbel | Freiburg | Bulle" />
<meta property="og:description" content="Schaukelpferd" />
<meta property="og:url" content="https://www.bise.ch/de/produit/adada/" />
<meta property="og:site_name" content="Möbel Bise | Möbelgeschäft | Möbel | Freiburg | Bulle" />
<meta property="article:publisher" content="https://www.facebook.com/bisemeubles/" />
<meta property="og:image" content="https://www.bise.ch/wp-content/uploads/adada_tom_watson_pour_fermob_0-1024x576.png" />
	<meta property="og:image:width" content="1024" />
	<meta property="og:image:height" content="576" />
	<meta property="og:image:type" content="image/png" />
<meta name="twitter:card" content="summary_large_image" />
<meta name="twitter:label1" content="Geschätzte Lesezeit" />
	<meta name="twitter:data1" content="1 Minute" />
<script type="application/ld+json" class="yoast-schema-graph">{"@context":"https://schema.org","@graph":[{"@type":"WebPage","@id":"https://www.bise.ch/de/produit/adada/","url":"https://www.bise.ch/de/produit/adada/","name":"Adada | Möbel Bise | Möbelgeschäft | Möbel | Freiburg | Bulle","isPartOf":{"@id":"https://www.bise.ch/de/#website"},"primaryImageOfPage":{"@id":"https://www.bise.ch/de/produit/adada/#primaryimage"},"image":{"@id":"https://www.bise.ch/de/produit/adada/#primaryimage"},"thumbnailUrl":"https://www.bise.ch/wp-content/uploads/adada_tom_watson_pour_fermob_0.png","datePublished":"2017-11-14T10:11:34+00:00","breadcrumb":{"@id":"https://www.bise.ch/de/produit/adada/#breadcrumb"},"inLanguage":"de","potentialAction":[{"@type":"ReadAction","target":["https://www.bise.ch/de/produit/adada/"]}]},{"@type":"ImageObject","inLanguage":"de","@id":"https://www.bise.ch/de/produit/adada/#primaryimage","url":"https://www.bise.ch/wp-content/uploads/adada_tom_watson_pour_fermob_0.png","contentUrl":"https://www.bise.ch/wp-content/uploads/adada_tom_watson_pour_fermob_0.png","width":1920,"height":1080},{"@type":"BreadcrumbList","@id":"https://www.bise.ch/de/produit/adada/#breadcrumb","itemListElement":[{"@type":"ListItem","position":1,"name":"Startseite","item":"https://www.bise.ch/de/"},{"@type":"ListItem","position":2,"name":"Shop","item":"https://www.bise.ch/de/shop/"},{"@type":"ListItem","position":3,"name":"Adada"}]},{"@type":"WebSite","@id":"https://www.bise.ch/de/#website","url":"https://www.bise.ch/de/","name":"Meubles Bise | Magasin de meubles | Mobilier | Fribourg | Bulle","description":"Wir erwecken Ihre Räume zum Leben","publisher":{"@id":"https://www.bise.ch/de/#organization"},"alternateName":"Georges Bise SA","potentialAction":[{"@type":"SearchAction","target":{"@type":"EntryPoint","urlTemplate":"https://www.bise.ch/de/?s={search_term_string}"},"query-input":{"@type":"PropertyValueSpecification","valueRequired":true,"valueName":"search_term_string"}}],"inLanguage":"de"},{"@type":"Organization","@id":"https://www.bise.ch/de/#organization","name":"Möbel Bise | Möbelgeschäft | Möbel | Freiburg | Bulle","alternateName":"Georges Bise SA","url":"https://www.bise.ch/de/","logo":{"@type":"ImageObject","inLanguage":"de","@id":"https://www.bise.ch/de/#/schema/logo/image/","url":"https://www.bise.ch/wp-content/uploads/LogoBise.png","contentUrl":"https://www.bise.ch/wp-content/uploads/LogoBise.png","width":4267,"height":4267,"caption":"Möbel Bise | Möbelgeschäft | Möbel | Freiburg | Bulle"},"image":{"@id":"https://www.bise.ch/de/#/schema/logo/image/"},"sameAs":["https://www.facebook.com/bisemeubles/","https://www.instagram.com/bisemeubles/","https://ch.linkedin.com/company/bise-meubles-moebel"]}]}</script>
<!-- / Yoast SEO plugin. -->

Adada | Möbel Bise | Möbelgeschäft | Möbel | Freiburg | Bulle

Möbel Bise | Möbelgeschäft | Möbel | Freiburg | Bulle
