{"id":55532,"date":"2019-05-24T08:05:59","date_gmt":"2019-05-24T06:05:59","guid":{"rendered":"https:\/\/bise.ch\/produit\/1900-4\/"},"modified":"2019-05-24T08:05:59","modified_gmt":"2019-05-24T06:05:59","slug":"1900-4","status":"publish","type":"product","link":"https:\/\/www.bise.ch\/de\/produit\/1900-4\/","title":{"rendered":"1900"},"content":{"rendered":"<p><strong>Die R\u00fcckkehr der Belle Epoque<\/strong><br \/>\nDie Schmiede von Fermob ist noch immer am Werk, um diesen majest\u00e4tischen Cabriolet-Sessel aus Eisen zum Leben zu erwecken. Im traditionellen Stil mit seinen eleganten Voluten und handgeschmiedeten Metallringen spiegelt der niedrige Gartensessel 1900 das gesamte Know-how von Fermob in der Metallverarbeitung wider und illustriert eine sehr franz\u00f6sische Tradition romantischer G\u00e4rten. Die runden Linien verleihen dem Sessel Charme und Sanftheit, w\u00e4hrend ein gro\u00dfz\u00fcgiges, 8 cm hohes Kissen, das sich weich anf\u00fchlt, dem Sessel aus Stahl einen unvergleichlichen Komfort verleiht. Dieses 100% Outdoor-Kissen mit Sunbrella\u00ae-Bezug wurde f\u00fcr den Einsatz im Freien entwickelt: rutschfestes Gitter, wasserabweisender Stoff, sonnen-, flecken- und schimmelbest\u00e4ndig&#8230; Seine Farbe Grauwei\u00df passt zu allen Farben der Fermob-Farbkarte: In Kombination mit neutralen Farben erinnert dieser neu gestaltete Kr\u00f6tensessel an den Charme des letzten Jahrhunderts, w\u00e4hrend er in kr\u00e4ftigen Farben mit dem Kontrast zwischen Romantik und Moderne spielt. Im Garten im Schatten einer Eiche, auf einem Pariser Balkon oder im Wohnzimmer.&nbsp;Dieser Metallsessel passt zu einem Gartencouchtisch und der gesamten Kollektion 1900. Er ist auch mit einem grauwei\u00dfen oder graphitgrauen Kissen erh\u00e4ltlich.<\/p>\n","protected":false},"excerpt":{"rendered":"<p>Gartensessel<\/p>\n","protected":false},"featured_media":39069,"template":"","meta":{"_et_pb_use_builder":"","_et_pb_old_content":"","_et_gb_content_width":""},"product_brand":[4294],"product_cat":[3770],"product_tag":[],"class_list":{"0":"post-55532","1":"product","2":"type-product","3":"status-publish","4":"has-post-thumbnail","6":"product_brand-fermob_de","7":"product_cat-produkte","8":"pa_designation_de-garten-sessel","9":"pa_designation_fr-gartensessel","11":"first","12":"instock","13":"shipping-taxable","14":"purchasable","15":"product-type-simple"},"yoast_head":"<!-- This site is optimized with the Yoast SEO plugin v27.1.1 - https:\/\/yoast.com\/product\/yoast-seo-wordpress\/ -->\n<title>1900 | M\u00f6bel Bise | M\u00f6belgesch\u00e4ft | M\u00f6bel | Freiburg | Bulle<\/title>\n<meta name=\"robots\" content=\"index, follow, max-snippet:-1, max-image-preview:large, max-video-preview:-1\" \/>\n<link rel=\"canonical\" href=\"https:\/\/www.bise.ch\/de\/produit\/1900-4\/\" \/>\n<meta property=\"og:locale\" content=\"de_DE\" \/>\n<meta property=\"og:type\" content=\"article\" \/>\n<meta property=\"og:title\" content=\"1900 | M\u00f6bel Bise | M\u00f6belgesch\u00e4ft | M\u00f6bel | Freiburg | Bulle\" \/>\n<meta property=\"og:description\" content=\"Gartensessel\" \/>\n<meta property=\"og:url\" content=\"https:\/\/www.bise.ch\/de\/produit\/1900-4\/\" \/>\n<meta property=\"og:site_name\" content=\"M\u00f6bel Bise | M\u00f6belgesch\u00e4ft | M\u00f6bel | Freiburg | Bulle\" \/>\n<meta property=\"article:publisher\" content=\"https:\/\/www.facebook.com\/bisemeubles\/\" \/>\n<meta property=\"og:image\" content=\"https:\/\/www.bise.ch\/wp-content\/uploads\/1900_fauteuil_cabriolet_aubergine.png\" \/>\n\t<meta property=\"og:image:width\" content=\"1920\" \/>\n\t<meta property=\"og:image:height\" content=\"1080\" \/>\n\t<meta property=\"og:image:type\" content=\"image\/png\" \/>\n<meta name=\"twitter:card\" content=\"summary_large_image\" \/>\n<meta name=\"twitter:label1\" content=\"Gesch\u00e4tzte Lesezeit\" \/>\n\t<meta name=\"twitter:data1\" content=\"1\u00a0Minute\" \/>\n<script type=\"application\/ld+json\" class=\"yoast-schema-graph\">{\"@context\":\"https:\/\/schema.org\",\"@graph\":[{\"@type\":\"WebPage\",\"@id\":\"https:\/\/www.bise.ch\/de\/produit\/1900-4\/\",\"url\":\"https:\/\/www.bise.ch\/de\/produit\/1900-4\/\",\"name\":\"1900 | M\u00f6bel Bise | M\u00f6belgesch\u00e4ft | M\u00f6bel | Freiburg | Bulle\",\"isPartOf\":{\"@id\":\"https:\/\/www.bise.ch\/de\/#website\"},\"primaryImageOfPage\":{\"@id\":\"https:\/\/www.bise.ch\/de\/produit\/1900-4\/#primaryimage\"},\"image\":{\"@id\":\"https:\/\/www.bise.ch\/de\/produit\/1900-4\/#primaryimage\"},\"thumbnailUrl\":\"https:\/\/www.bise.ch\/wp-content\/uploads\/1900_fauteuil_cabriolet_aubergine.png\",\"datePublished\":\"2019-05-24T06:05:59+00:00\",\"breadcrumb\":{\"@id\":\"https:\/\/www.bise.ch\/de\/produit\/1900-4\/#breadcrumb\"},\"inLanguage\":\"de\",\"potentialAction\":[{\"@type\":\"ReadAction\",\"target\":[\"https:\/\/www.bise.ch\/de\/produit\/1900-4\/\"]}]},{\"@type\":\"ImageObject\",\"inLanguage\":\"de\",\"@id\":\"https:\/\/www.bise.ch\/de\/produit\/1900-4\/#primaryimage\",\"url\":\"https:\/\/www.bise.ch\/wp-content\/uploads\/1900_fauteuil_cabriolet_aubergine.png\",\"contentUrl\":\"https:\/\/www.bise.ch\/wp-content\/uploads\/1900_fauteuil_cabriolet_aubergine.png\",\"width\":1920,\"height\":1080},{\"@type\":\"BreadcrumbList\",\"@id\":\"https:\/\/www.bise.ch\/de\/produit\/1900-4\/#breadcrumb\",\"itemListElement\":[{\"@type\":\"ListItem\",\"position\":1,\"name\":\"Startseite\",\"item\":\"https:\/\/www.bise.ch\/de\/\"},{\"@type\":\"ListItem\",\"position\":2,\"name\":\"Shop\",\"item\":\"https:\/\/www.bise.ch\/de\/shop\/\"},{\"@type\":\"ListItem\",\"position\":3,\"name\":\"1900\"}]},{\"@type\":\"WebSite\",\"@id\":\"https:\/\/www.bise.ch\/de\/#website\",\"url\":\"https:\/\/www.bise.ch\/de\/\",\"name\":\"Meubles Bise | Magasin de meubles | Mobilier | Fribourg | Bulle\",\"description\":\"Wir erwecken Ihre Ra\u0308ume zum Leben\",\"publisher\":{\"@id\":\"https:\/\/www.bise.ch\/de\/#organization\"},\"alternateName\":\"Georges Bise SA\",\"potentialAction\":[{\"@type\":\"SearchAction\",\"target\":{\"@type\":\"EntryPoint\",\"urlTemplate\":\"https:\/\/www.bise.ch\/de\/?s={search_term_string}\"},\"query-input\":{\"@type\":\"PropertyValueSpecification\",\"valueRequired\":true,\"valueName\":\"search_term_string\"}}],\"inLanguage\":\"de\"},{\"@type\":\"Organization\",\"@id\":\"https:\/\/www.bise.ch\/de\/#organization\",\"name\":\"M\u00f6bel Bise | M\u00f6belgesch\u00e4ft | M\u00f6bel | Freiburg | Bulle\",\"alternateName\":\"Georges Bise SA\",\"url\":\"https:\/\/www.bise.ch\/de\/\",\"logo\":{\"@type\":\"ImageObject\",\"inLanguage\":\"de\",\"@id\":\"https:\/\/www.bise.ch\/de\/#\/schema\/logo\/image\/\",\"url\":\"https:\/\/www.bise.ch\/wp-content\/uploads\/LogoBise.png\",\"contentUrl\":\"https:\/\/www.bise.ch\/wp-content\/uploads\/LogoBise.png\",\"width\":4267,\"height\":4267,\"caption\":\"M\u00f6bel Bise | M\u00f6belgesch\u00e4ft | M\u00f6bel | Freiburg | Bulle\"},\"image\":{\"@id\":\"https:\/\/www.bise.ch\/de\/#\/schema\/logo\/image\/\"},\"sameAs\":[\"https:\/\/www.facebook.com\/bisemeubles\/\",\"https:\/\/www.instagram.com\/bisemeubles\/\",\"https:\/\/ch.linkedin.com\/company\/bise-meubles-moebel\"]}]}<\/script>\n<!-- \/ Yoast SEO plugin. -->","yoast_head_json":{"title":"1900 | M\u00f6bel Bise | M\u00f6belgesch\u00e4ft | M\u00f6bel | Freiburg | Bulle","robots":{"index":"index","follow":"follow","max-snippet":"max-snippet:-1","max-image-preview":"max-image-preview:large","max-video-preview":"max-video-preview:-1"},"canonical":"https:\/\/www.bise.ch\/de\/produit\/1900-4\/","og_locale":"de_DE","og_type":"article","og_title":"1900 | M\u00f6bel Bise | M\u00f6belgesch\u00e4ft | M\u00f6bel | Freiburg | Bulle","og_description":"Gartensessel","og_url":"https:\/\/www.bise.ch\/de\/produit\/1900-4\/","og_site_name":"M\u00f6bel Bise | M\u00f6belgesch\u00e4ft | M\u00f6bel | Freiburg | Bulle","article_publisher":"https:\/\/www.facebook.com\/bisemeubles\/","og_image":[{"width":1920,"height":1080,"url":"https:\/\/www.bise.ch\/wp-content\/uploads\/1900_fauteuil_cabriolet_aubergine.png","type":"image\/png"}],"twitter_card":"summary_large_image","twitter_misc":{"Gesch\u00e4tzte Lesezeit":"1\u00a0Minute"},"schema":{"@context":"https:\/\/schema.org","@graph":[{"@type":"WebPage","@id":"https:\/\/www.bise.ch\/de\/produit\/1900-4\/","url":"https:\/\/www.bise.ch\/de\/produit\/1900-4\/","name":"1900 | M\u00f6bel Bise | M\u00f6belgesch\u00e4ft | M\u00f6bel | Freiburg | Bulle","isPartOf":{"@id":"https:\/\/www.bise.ch\/de\/#website"},"primaryImageOfPage":{"@id":"https:\/\/www.bise.ch\/de\/produit\/1900-4\/#primaryimage"},"image":{"@id":"https:\/\/www.bise.ch\/de\/produit\/1900-4\/#primaryimage"},"thumbnailUrl":"https:\/\/www.bise.ch\/wp-content\/uploads\/1900_fauteuil_cabriolet_aubergine.png","datePublished":"2019-05-24T06:05:59+00:00","breadcrumb":{"@id":"https:\/\/www.bise.ch\/de\/produit\/1900-4\/#breadcrumb"},"inLanguage":"de","potentialAction":[{"@type":"ReadAction","target":["https:\/\/www.bise.ch\/de\/produit\/1900-4\/"]}]},{"@type":"ImageObject","inLanguage":"de","@id":"https:\/\/www.bise.ch\/de\/produit\/1900-4\/#primaryimage","url":"https:\/\/www.bise.ch\/wp-content\/uploads\/1900_fauteuil_cabriolet_aubergine.png","contentUrl":"https:\/\/www.bise.ch\/wp-content\/uploads\/1900_fauteuil_cabriolet_aubergine.png","width":1920,"height":1080},{"@type":"BreadcrumbList","@id":"https:\/\/www.bise.ch\/de\/produit\/1900-4\/#breadcrumb","itemListElement":[{"@type":"ListItem","position":1,"name":"Startseite","item":"https:\/\/www.bise.ch\/de\/"},{"@type":"ListItem","position":2,"name":"Shop","item":"https:\/\/www.bise.ch\/de\/shop\/"},{"@type":"ListItem","position":3,"name":"1900"}]},{"@type":"WebSite","@id":"https:\/\/www.bise.ch\/de\/#website","url":"https:\/\/www.bise.ch\/de\/","name":"Meubles Bise | Magasin de meubles | Mobilier | Fribourg | Bulle","description":"Wir erwecken Ihre Ra\u0308ume zum Leben","publisher":{"@id":"https:\/\/www.bise.ch\/de\/#organization"},"alternateName":"Georges Bise SA","potentialAction":[{"@type":"SearchAction","target":{"@type":"EntryPoint","urlTemplate":"https:\/\/www.bise.ch\/de\/?s={search_term_string}"},"query-input":{"@type":"PropertyValueSpecification","valueRequired":true,"valueName":"search_term_string"}}],"inLanguage":"de"},{"@type":"Organization","@id":"https:\/\/www.bise.ch\/de\/#organization","name":"M\u00f6bel Bise | M\u00f6belgesch\u00e4ft | M\u00f6bel | Freiburg | Bulle","alternateName":"Georges Bise SA","url":"https:\/\/www.bise.ch\/de\/","logo":{"@type":"ImageObject","inLanguage":"de","@id":"https:\/\/www.bise.ch\/de\/#\/schema\/logo\/image\/","url":"https:\/\/www.bise.ch\/wp-content\/uploads\/LogoBise.png","contentUrl":"https:\/\/www.bise.ch\/wp-content\/uploads\/LogoBise.png","width":4267,"height":4267,"caption":"M\u00f6bel Bise | M\u00f6belgesch\u00e4ft | M\u00f6bel | Freiburg | Bulle"},"image":{"@id":"https:\/\/www.bise.ch\/de\/#\/schema\/logo\/image\/"},"sameAs":["https:\/\/www.facebook.com\/bisemeubles\/","https:\/\/www.instagram.com\/bisemeubles\/","https:\/\/ch.linkedin.com\/company\/bise-meubles-moebel"]}]}},"_links":{"self":[{"href":"https:\/\/www.bise.ch\/de\/wp-json\/wp\/v2\/product\/55532","targetHints":{"allow":["GET"]}}],"collection":[{"href":"https:\/\/www.bise.ch\/de\/wp-json\/wp\/v2\/product"}],"about":[{"href":"https:\/\/www.bise.ch\/de\/wp-json\/wp\/v2\/types\/product"}],"wp:featuredmedia":[{"embeddable":true,"href":"https:\/\/www.bise.ch\/de\/wp-json\/wp\/v2\/media\/39069"}],"wp:attachment":[{"href":"https:\/\/www.bise.ch\/de\/wp-json\/wp\/v2\/media?parent=55532"}],"wp:term":[{"taxonomy":"product_brand","embeddable":true,"href":"https:\/\/www.bise.ch\/de\/wp-json\/wp\/v2\/product_brand?post=55532"},{"taxonomy":"product_cat","embeddable":true,"href":"https:\/\/www.bise.ch\/de\/wp-json\/wp\/v2\/product_cat?post=55532"},{"taxonomy":"product_tag","embeddable":true,"href":"https:\/\/www.bise.ch\/de\/wp-json\/wp\/v2\/product_tag?post=55532"}],"curies":[{"name":"wp","href":"https:\/\/api.w.org\/{rel}","templated":true}]}}

<p><strong>Die Rückkehr der Belle Epoque</strong><br />
Die Schmiede von Fermob ist noch immer am Werk, um diesen majestätischen Cabriolet-Sessel aus Eisen zum Leben zu erwecken. Im traditionellen Stil mit seinen eleganten Voluten und handgeschmiedeten Metallringen spiegelt der niedrige Gartensessel 1900 das gesamte Know-how von Fermob in der Metallverarbeitung wider und illustriert eine sehr französische Tradition romantischer Gärten. Die runden Linien verleihen dem Sessel Charme und Sanftheit, während ein großzügiges, 8 cm hohes Kissen, das sich weich anfühlt, dem Sessel aus Stahl einen unvergleichlichen Komfort verleiht. Dieses 100% Outdoor-Kissen mit Sunbrella®-Bezug wurde für den Einsatz im Freien entwickelt: rutschfestes Gitter, wasserabweisender Stoff, sonnen-, flecken- und schimmelbeständig&#8230; Seine Farbe Grauweiß passt zu allen Farben der Fermob-Farbkarte: In Kombination mit neutralen Farben erinnert dieser neu gestaltete Krötensessel an den Charme des letzten Jahrhunderts, während er in kräftigen Farben mit dem Kontrast zwischen Romantik und Moderne spielt. Im Garten im Schatten einer Eiche, auf einem Pariser Balkon oder im Wohnzimmer.&nbsp;Dieser Metallsessel passt zu einem Gartencouchtisch und der gesamten Kollektion 1900. Er ist auch mit einem grauweißen oder graphitgrauen Kissen erhältlich.</p>

<!-- This site is optimized with the Yoast SEO plugin v27.1.1 - https://yoast.com/product/yoast-seo-wordpress/ -->
<title>1900 | Möbel Bise | Möbelgeschäft | Möbel | Freiburg | Bulle</title>
<meta name="robots" content="index, follow, max-snippet:-1, max-image-preview:large, max-video-preview:-1" />
<link rel="canonical" href="https://www.bise.ch/de/produit/1900-4/" />
<meta property="og:locale" content="de_DE" />
<meta property="og:type" content="article" />
<meta property="og:title" content="1900 | Möbel Bise | Möbelgeschäft | Möbel | Freiburg | Bulle" />
<meta property="og:description" content="Gartensessel" />
<meta property="og:url" content="https://www.bise.ch/de/produit/1900-4/" />
<meta property="og:site_name" content="Möbel Bise | Möbelgeschäft | Möbel | Freiburg | Bulle" />
<meta property="article:publisher" content="https://www.facebook.com/bisemeubles/" />
<meta property="og:image" content="https://www.bise.ch/wp-content/uploads/1900_fauteuil_cabriolet_aubergine.png" />
	<meta property="og:image:width" content="1920" />
	<meta property="og:image:height" content="1080" />
	<meta property="og:image:type" content="image/png" />
<meta name="twitter:card" content="summary_large_image" />
<meta name="twitter:label1" content="Geschätzte Lesezeit" />
	<meta name="twitter:data1" content="1 Minute" />
<script type="application/ld+json" class="yoast-schema-graph">{"@context":"https://schema.org","@graph":[{"@type":"WebPage","@id":"https://www.bise.ch/de/produit/1900-4/","url":"https://www.bise.ch/de/produit/1900-4/","name":"1900 | Möbel Bise | Möbelgeschäft | Möbel | Freiburg | Bulle","isPartOf":{"@id":"https://www.bise.ch/de/#website"},"primaryImageOfPage":{"@id":"https://www.bise.ch/de/produit/1900-4/#primaryimage"},"image":{"@id":"https://www.bise.ch/de/produit/1900-4/#primaryimage"},"thumbnailUrl":"https://www.bise.ch/wp-content/uploads/1900_fauteuil_cabriolet_aubergine.png","datePublished":"2019-05-24T06:05:59+00:00","breadcrumb":{"@id":"https://www.bise.ch/de/produit/1900-4/#breadcrumb"},"inLanguage":"de","potentialAction":[{"@type":"ReadAction","target":["https://www.bise.ch/de/produit/1900-4/"]}]},{"@type":"ImageObject","inLanguage":"de","@id":"https://www.bise.ch/de/produit/1900-4/#primaryimage","url":"https://www.bise.ch/wp-content/uploads/1900_fauteuil_cabriolet_aubergine.png","contentUrl":"https://www.bise.ch/wp-content/uploads/1900_fauteuil_cabriolet_aubergine.png","width":1920,"height":1080},{"@type":"BreadcrumbList","@id":"https://www.bise.ch/de/produit/1900-4/#breadcrumb","itemListElement":[{"@type":"ListItem","position":1,"name":"Startseite","item":"https://www.bise.ch/de/"},{"@type":"ListItem","position":2,"name":"Shop","item":"https://www.bise.ch/de/shop/"},{"@type":"ListItem","position":3,"name":"1900"}]},{"@type":"WebSite","@id":"https://www.bise.ch/de/#website","url":"https://www.bise.ch/de/","name":"Meubles Bise | Magasin de meubles | Mobilier | Fribourg | Bulle","description":"Wir erwecken Ihre Räume zum Leben","publisher":{"@id":"https://www.bise.ch/de/#organization"},"alternateName":"Georges Bise SA","potentialAction":[{"@type":"SearchAction","target":{"@type":"EntryPoint","urlTemplate":"https://www.bise.ch/de/?s={search_term_string}"},"query-input":{"@type":"PropertyValueSpecification","valueRequired":true,"valueName":"search_term_string"}}],"inLanguage":"de"},{"@type":"Organization","@id":"https://www.bise.ch/de/#organization","name":"Möbel Bise | Möbelgeschäft | Möbel | Freiburg | Bulle","alternateName":"Georges Bise SA","url":"https://www.bise.ch/de/","logo":{"@type":"ImageObject","inLanguage":"de","@id":"https://www.bise.ch/de/#/schema/logo/image/","url":"https://www.bise.ch/wp-content/uploads/LogoBise.png","contentUrl":"https://www.bise.ch/wp-content/uploads/LogoBise.png","width":4267,"height":4267,"caption":"Möbel Bise | Möbelgeschäft | Möbel | Freiburg | Bulle"},"image":{"@id":"https://www.bise.ch/de/#/schema/logo/image/"},"sameAs":["https://www.facebook.com/bisemeubles/","https://www.instagram.com/bisemeubles/","https://ch.linkedin.com/company/bise-meubles-moebel"]}]}</script>
<!-- / Yoast SEO plugin. -->

1900 | Möbel Bise | Möbelgeschäft | Möbel | Freiburg | Bulle

Möbel Bise | Möbelgeschäft | Möbel | Freiburg | Bulle
