{"id":55679,"date":"2019-05-17T09:50:46","date_gmt":"2019-05-17T07:50:46","guid":{"rendered":"https:\/\/bise.ch\/produit\/alize-3\/"},"modified":"2024-09-10T23:13:27","modified_gmt":"2024-09-10T21:13:27","slug":"alize-3","status":"publish","type":"product","link":"https:\/\/www.bise.ch\/de\/produit\/alize-3\/","title":{"rendered":"Aliz\u00e9"},"content":{"rendered":"<p>Diese Design-Sonnenliege ist mit ihrem Aluminiumgestell und der Bespannung aus rei\u00dffestem technischen Outdoor-Kunststoff f\u00fcr den Einsatz im Freien optimiert. Die 5-fach verstellbare R\u00fcckenlehne und die 2-fach verstellbare Fu\u00dfst\u00fctze sorgen f\u00fcr maximalen Komfort an einem entspannten Nachmittag. Diese Sonnenliege kann auf die Schwerkraftposition 0* eingestellt werden! Eine sanfte und vertr\u00e4umte Melodie tr\u00e4gt uns in diese G\u00e4rten, die uns so sehr entsprechen. Sie k\u00f6nnen diese Outdoor-M\u00f6bel mit einer abnehmbaren Kopfst\u00fctze aus 100% Outdoor-Stoff erg\u00e4nzen, um das Sitzen noch angenehmer zu machen. Er passt auch sehr gut zu dem kleinen Couchtisch Aliz\u00e9. Praktischerweise ist diese Sonnenliege stapelbar und hat eingebaute Rollen!&nbsp;<br \/>  Ein Designgarten, der mit verschiedenen Farben zusammengestellt werden kann.<\/p>\n<p>* Die Null-Gravitation-Position ist eine Position, in der das Herz mit dem R\u00fccken und den Beinen ausgerichtet ist. Dies f\u00fchrt zu einer erheblichen Verringerung des Schwerkraftempfindens und vor allem zu einer v\u00f6lligen Entspannung des K\u00f6rpers. Wenn Sie die Beine auf gleicher H\u00f6he oder h\u00f6her als das Herz platzieren, wird der Druck auf den unteren R\u00fccken und die Wirbels\u00e4ule deutlich verringert. Die Muskelverspannungen im Lendenbereich werden reduziert, das Blut flie\u00dft leichter durch die Beine, das Herz muss sich weniger anstrengen, der Brustkorb wird frei und die Sauerstoffversorgung wird durch die Ausdehnung der Lunge intensiviert.<\/p>\n<p>&nbsp;<\/p>\n","protected":false},"excerpt":{"rendered":"<p>Liegestuhl<\/p>\n","protected":false},"featured_media":38238,"template":"","meta":{"_et_pb_use_builder":"","_et_pb_old_content":"","_et_gb_content_width":""},"product_brand":[4294],"product_cat":[352],"product_tag":[],"class_list":{"0":"post-55679","1":"product","2":"type-product","3":"status-publish","4":"has-post-thumbnail","6":"product_brand-fermob_de","7":"product_cat-liegestuhle-garten","8":"pa_designation_de-liegestuhl-de","9":"pa_designation_fr-liegestuhl","10":"pa_video_vimeo-https-vimeo-com-213052278","12":"first","13":"instock","14":"shipping-taxable","15":"purchasable","16":"product-type-simple"},"yoast_head":"<!-- This site is optimized with the Yoast SEO plugin v27.1.1 - https:\/\/yoast.com\/product\/yoast-seo-wordpress\/ -->\n<title>Aliz\u00e9 | M\u00f6bel Bise | M\u00f6belgesch\u00e4ft | M\u00f6bel | Freiburg | Bulle<\/title>\n<meta name=\"robots\" content=\"index, follow, max-snippet:-1, max-image-preview:large, max-video-preview:-1\" \/>\n<link rel=\"canonical\" href=\"https:\/\/www.bise.ch\/de\/produit\/alize-3\/\" \/>\n<meta property=\"og:locale\" content=\"de_DE\" \/>\n<meta property=\"og:type\" content=\"article\" \/>\n<meta property=\"og:title\" content=\"Aliz\u00e9 | M\u00f6bel Bise | M\u00f6belgesch\u00e4ft | M\u00f6bel | Freiburg | Bulle\" \/>\n<meta property=\"og:description\" content=\"Liegestuhl\" \/>\n<meta property=\"og:url\" content=\"https:\/\/www.bise.ch\/de\/produit\/alize-3\/\" \/>\n<meta property=\"og:site_name\" content=\"M\u00f6bel Bise | M\u00f6belgesch\u00e4ft | M\u00f6bel | Freiburg | Bulle\" \/>\n<meta property=\"article:publisher\" content=\"https:\/\/www.facebook.com\/bisemeubles\/\" \/>\n<meta property=\"article:modified_time\" content=\"2024-09-10T21:13:27+00:00\" \/>\n<meta property=\"og:image\" content=\"https:\/\/www.bise.ch\/wp-content\/uploads\/shooting_contract_fermob_cap_ferret_credit_romain_ricard_3.jpg\" \/>\n\t<meta property=\"og:image:width\" content=\"717\" \/>\n\t<meta property=\"og:image:height\" content=\"1075\" \/>\n\t<meta property=\"og:image:type\" content=\"image\/jpeg\" \/>\n<meta name=\"twitter:card\" content=\"summary_large_image\" \/>\n<meta name=\"twitter:label1\" content=\"Gesch\u00e4tzte Lesezeit\" \/>\n\t<meta name=\"twitter:data1\" content=\"1\u00a0Minute\" \/>\n<script type=\"application\/ld+json\" class=\"yoast-schema-graph\">{\"@context\":\"https:\/\/schema.org\",\"@graph\":[{\"@type\":\"WebPage\",\"@id\":\"https:\/\/www.bise.ch\/de\/produit\/alize-3\/\",\"url\":\"https:\/\/www.bise.ch\/de\/produit\/alize-3\/\",\"name\":\"Aliz\u00e9 | M\u00f6bel Bise | M\u00f6belgesch\u00e4ft | M\u00f6bel | Freiburg | Bulle\",\"isPartOf\":{\"@id\":\"https:\/\/www.bise.ch\/de\/#website\"},\"primaryImageOfPage\":{\"@id\":\"https:\/\/www.bise.ch\/de\/produit\/alize-3\/#primaryimage\"},\"image\":{\"@id\":\"https:\/\/www.bise.ch\/de\/produit\/alize-3\/#primaryimage\"},\"thumbnailUrl\":\"https:\/\/www.bise.ch\/wp-content\/uploads\/shooting_contract_fermob_cap_ferret_credit_romain_ricard_3.jpg\",\"datePublished\":\"2019-05-17T07:50:46+00:00\",\"dateModified\":\"2024-09-10T21:13:27+00:00\",\"breadcrumb\":{\"@id\":\"https:\/\/www.bise.ch\/de\/produit\/alize-3\/#breadcrumb\"},\"inLanguage\":\"de\",\"potentialAction\":[{\"@type\":\"ReadAction\",\"target\":[\"https:\/\/www.bise.ch\/de\/produit\/alize-3\/\"]}]},{\"@type\":\"ImageObject\",\"inLanguage\":\"de\",\"@id\":\"https:\/\/www.bise.ch\/de\/produit\/alize-3\/#primaryimage\",\"url\":\"https:\/\/www.bise.ch\/wp-content\/uploads\/shooting_contract_fermob_cap_ferret_credit_romain_ricard_3.jpg\",\"contentUrl\":\"https:\/\/www.bise.ch\/wp-content\/uploads\/shooting_contract_fermob_cap_ferret_credit_romain_ricard_3.jpg\",\"width\":717,\"height\":1075},{\"@type\":\"BreadcrumbList\",\"@id\":\"https:\/\/www.bise.ch\/de\/produit\/alize-3\/#breadcrumb\",\"itemListElement\":[{\"@type\":\"ListItem\",\"position\":1,\"name\":\"Startseite\",\"item\":\"https:\/\/www.bise.ch\/de\/\"},{\"@type\":\"ListItem\",\"position\":2,\"name\":\"Shop\",\"item\":\"https:\/\/www.bise.ch\/de\/shop\/\"},{\"@type\":\"ListItem\",\"position\":3,\"name\":\"Aliz\u00e9\"}]},{\"@type\":\"WebSite\",\"@id\":\"https:\/\/www.bise.ch\/de\/#website\",\"url\":\"https:\/\/www.bise.ch\/de\/\",\"name\":\"Meubles Bise | Magasin de meubles | Mobilier | Fribourg | Bulle\",\"description\":\"Wir erwecken Ihre Ra\u0308ume zum Leben\",\"publisher\":{\"@id\":\"https:\/\/www.bise.ch\/de\/#organization\"},\"alternateName\":\"Georges Bise SA\",\"potentialAction\":[{\"@type\":\"SearchAction\",\"target\":{\"@type\":\"EntryPoint\",\"urlTemplate\":\"https:\/\/www.bise.ch\/de\/?s={search_term_string}\"},\"query-input\":{\"@type\":\"PropertyValueSpecification\",\"valueRequired\":true,\"valueName\":\"search_term_string\"}}],\"inLanguage\":\"de\"},{\"@type\":\"Organization\",\"@id\":\"https:\/\/www.bise.ch\/de\/#organization\",\"name\":\"M\u00f6bel Bise | M\u00f6belgesch\u00e4ft | M\u00f6bel | Freiburg | Bulle\",\"alternateName\":\"Georges Bise SA\",\"url\":\"https:\/\/www.bise.ch\/de\/\",\"logo\":{\"@type\":\"ImageObject\",\"inLanguage\":\"de\",\"@id\":\"https:\/\/www.bise.ch\/de\/#\/schema\/logo\/image\/\",\"url\":\"https:\/\/www.bise.ch\/wp-content\/uploads\/LogoBise.png\",\"contentUrl\":\"https:\/\/www.bise.ch\/wp-content\/uploads\/LogoBise.png\",\"width\":4267,\"height\":4267,\"caption\":\"M\u00f6bel Bise | M\u00f6belgesch\u00e4ft | M\u00f6bel | Freiburg | Bulle\"},\"image\":{\"@id\":\"https:\/\/www.bise.ch\/de\/#\/schema\/logo\/image\/\"},\"sameAs\":[\"https:\/\/www.facebook.com\/bisemeubles\/\",\"https:\/\/www.instagram.com\/bisemeubles\/\",\"https:\/\/ch.linkedin.com\/company\/bise-meubles-moebel\"]}]}<\/script>\n<!-- \/ Yoast SEO plugin. -->","yoast_head_json":{"title":"Aliz\u00e9 | M\u00f6bel Bise | M\u00f6belgesch\u00e4ft | M\u00f6bel | Freiburg | Bulle","robots":{"index":"index","follow":"follow","max-snippet":"max-snippet:-1","max-image-preview":"max-image-preview:large","max-video-preview":"max-video-preview:-1"},"canonical":"https:\/\/www.bise.ch\/de\/produit\/alize-3\/","og_locale":"de_DE","og_type":"article","og_title":"Aliz\u00e9 | M\u00f6bel Bise | M\u00f6belgesch\u00e4ft | M\u00f6bel | Freiburg | Bulle","og_description":"Liegestuhl","og_url":"https:\/\/www.bise.ch\/de\/produit\/alize-3\/","og_site_name":"M\u00f6bel Bise | M\u00f6belgesch\u00e4ft | M\u00f6bel | Freiburg | Bulle","article_publisher":"https:\/\/www.facebook.com\/bisemeubles\/","article_modified_time":"2024-09-10T21:13:27+00:00","og_image":[{"width":717,"height":1075,"url":"https:\/\/www.bise.ch\/wp-content\/uploads\/shooting_contract_fermob_cap_ferret_credit_romain_ricard_3.jpg","type":"image\/jpeg"}],"twitter_card":"summary_large_image","twitter_misc":{"Gesch\u00e4tzte Lesezeit":"1\u00a0Minute"},"schema":{"@context":"https:\/\/schema.org","@graph":[{"@type":"WebPage","@id":"https:\/\/www.bise.ch\/de\/produit\/alize-3\/","url":"https:\/\/www.bise.ch\/de\/produit\/alize-3\/","name":"Aliz\u00e9 | M\u00f6bel Bise | M\u00f6belgesch\u00e4ft | M\u00f6bel | Freiburg | Bulle","isPartOf":{"@id":"https:\/\/www.bise.ch\/de\/#website"},"primaryImageOfPage":{"@id":"https:\/\/www.bise.ch\/de\/produit\/alize-3\/#primaryimage"},"image":{"@id":"https:\/\/www.bise.ch\/de\/produit\/alize-3\/#primaryimage"},"thumbnailUrl":"https:\/\/www.bise.ch\/wp-content\/uploads\/shooting_contract_fermob_cap_ferret_credit_romain_ricard_3.jpg","datePublished":"2019-05-17T07:50:46+00:00","dateModified":"2024-09-10T21:13:27+00:00","breadcrumb":{"@id":"https:\/\/www.bise.ch\/de\/produit\/alize-3\/#breadcrumb"},"inLanguage":"de","potentialAction":[{"@type":"ReadAction","target":["https:\/\/www.bise.ch\/de\/produit\/alize-3\/"]}]},{"@type":"ImageObject","inLanguage":"de","@id":"https:\/\/www.bise.ch\/de\/produit\/alize-3\/#primaryimage","url":"https:\/\/www.bise.ch\/wp-content\/uploads\/shooting_contract_fermob_cap_ferret_credit_romain_ricard_3.jpg","contentUrl":"https:\/\/www.bise.ch\/wp-content\/uploads\/shooting_contract_fermob_cap_ferret_credit_romain_ricard_3.jpg","width":717,"height":1075},{"@type":"BreadcrumbList","@id":"https:\/\/www.bise.ch\/de\/produit\/alize-3\/#breadcrumb","itemListElement":[{"@type":"ListItem","position":1,"name":"Startseite","item":"https:\/\/www.bise.ch\/de\/"},{"@type":"ListItem","position":2,"name":"Shop","item":"https:\/\/www.bise.ch\/de\/shop\/"},{"@type":"ListItem","position":3,"name":"Aliz\u00e9"}]},{"@type":"WebSite","@id":"https:\/\/www.bise.ch\/de\/#website","url":"https:\/\/www.bise.ch\/de\/","name":"Meubles Bise | Magasin de meubles | Mobilier | Fribourg | Bulle","description":"Wir erwecken Ihre Ra\u0308ume zum Leben","publisher":{"@id":"https:\/\/www.bise.ch\/de\/#organization"},"alternateName":"Georges Bise SA","potentialAction":[{"@type":"SearchAction","target":{"@type":"EntryPoint","urlTemplate":"https:\/\/www.bise.ch\/de\/?s={search_term_string}"},"query-input":{"@type":"PropertyValueSpecification","valueRequired":true,"valueName":"search_term_string"}}],"inLanguage":"de"},{"@type":"Organization","@id":"https:\/\/www.bise.ch\/de\/#organization","name":"M\u00f6bel Bise | M\u00f6belgesch\u00e4ft | M\u00f6bel | Freiburg | Bulle","alternateName":"Georges Bise SA","url":"https:\/\/www.bise.ch\/de\/","logo":{"@type":"ImageObject","inLanguage":"de","@id":"https:\/\/www.bise.ch\/de\/#\/schema\/logo\/image\/","url":"https:\/\/www.bise.ch\/wp-content\/uploads\/LogoBise.png","contentUrl":"https:\/\/www.bise.ch\/wp-content\/uploads\/LogoBise.png","width":4267,"height":4267,"caption":"M\u00f6bel Bise | M\u00f6belgesch\u00e4ft | M\u00f6bel | Freiburg | Bulle"},"image":{"@id":"https:\/\/www.bise.ch\/de\/#\/schema\/logo\/image\/"},"sameAs":["https:\/\/www.facebook.com\/bisemeubles\/","https:\/\/www.instagram.com\/bisemeubles\/","https:\/\/ch.linkedin.com\/company\/bise-meubles-moebel"]}]}},"_links":{"self":[{"href":"https:\/\/www.bise.ch\/de\/wp-json\/wp\/v2\/product\/55679","targetHints":{"allow":["GET"]}}],"collection":[{"href":"https:\/\/www.bise.ch\/de\/wp-json\/wp\/v2\/product"}],"about":[{"href":"https:\/\/www.bise.ch\/de\/wp-json\/wp\/v2\/types\/product"}],"wp:featuredmedia":[{"embeddable":true,"href":"https:\/\/www.bise.ch\/de\/wp-json\/wp\/v2\/media\/38238"}],"wp:attachment":[{"href":"https:\/\/www.bise.ch\/de\/wp-json\/wp\/v2\/media?parent=55679"}],"wp:term":[{"taxonomy":"product_brand","embeddable":true,"href":"https:\/\/www.bise.ch\/de\/wp-json\/wp\/v2\/product_brand?post=55679"},{"taxonomy":"product_cat","embeddable":true,"href":"https:\/\/www.bise.ch\/de\/wp-json\/wp\/v2\/product_cat?post=55679"},{"taxonomy":"product_tag","embeddable":true,"href":"https:\/\/www.bise.ch\/de\/wp-json\/wp\/v2\/product_tag?post=55679"}],"curies":[{"name":"wp","href":"https:\/\/api.w.org\/{rel}","templated":true}]}}

Alizé

<p>Diese Design-Sonnenliege ist mit ihrem Aluminiumgestell und der Bespannung aus reißfestem technischen Outdoor-Kunststoff für den Einsatz im Freien optimiert. Die 5-fach verstellbare Rückenlehne und die 2-fach verstellbare Fußstütze sorgen für maximalen Komfort an einem entspannten Nachmittag. Diese Sonnenliege kann auf die Schwerkraftposition 0* eingestellt werden! Eine sanfte und verträumte Melodie trägt uns in diese Gärten, die uns so sehr entsprechen. Sie können diese Outdoor-Möbel mit einer abnehmbaren Kopfstütze aus 100% Outdoor-Stoff ergänzen, um das Sitzen noch angenehmer zu machen. Er passt auch sehr gut zu dem kleinen Couchtisch Alizé. Praktischerweise ist diese Sonnenliege stapelbar und hat eingebaute Rollen!&nbsp;<br />  Ein Designgarten, der mit verschiedenen Farben zusammengestellt werden kann.</p>
<p>* Die Null-Gravitation-Position ist eine Position, in der das Herz mit dem Rücken und den Beinen ausgerichtet ist. Dies führt zu einer erheblichen Verringerung des Schwerkraftempfindens und vor allem zu einer völligen Entspannung des Körpers. Wenn Sie die Beine auf gleicher Höhe oder höher als das Herz platzieren, wird der Druck auf den unteren Rücken und die Wirbelsäule deutlich verringert. Die Muskelverspannungen im Lendenbereich werden reduziert, das Blut fließt leichter durch die Beine, das Herz muss sich weniger anstrengen, der Brustkorb wird frei und die Sauerstoffversorgung wird durch die Ausdehnung der Lunge intensiviert.</p>
<p>&nbsp;</p>

<!-- This site is optimized with the Yoast SEO plugin v27.1.1 - https://yoast.com/product/yoast-seo-wordpress/ -->
<title>Alizé | Möbel Bise | Möbelgeschäft | Möbel | Freiburg | Bulle</title>
<meta name="robots" content="index, follow, max-snippet:-1, max-image-preview:large, max-video-preview:-1" />
<link rel="canonical" href="https://www.bise.ch/de/produit/alize-3/" />
<meta property="og:locale" content="de_DE" />
<meta property="og:type" content="article" />
<meta property="og:title" content="Alizé | Möbel Bise | Möbelgeschäft | Möbel | Freiburg | Bulle" />
<meta property="og:description" content="Liegestuhl" />
<meta property="og:url" content="https://www.bise.ch/de/produit/alize-3/" />
<meta property="og:site_name" content="Möbel Bise | Möbelgeschäft | Möbel | Freiburg | Bulle" />
<meta property="article:publisher" content="https://www.facebook.com/bisemeubles/" />
<meta property="article:modified_time" content="2024-09-10T21:13:27+00:00" />
<meta property="og:image" content="https://www.bise.ch/wp-content/uploads/shooting_contract_fermob_cap_ferret_credit_romain_ricard_3.jpg" />
	<meta property="og:image:width" content="717" />
	<meta property="og:image:height" content="1075" />
	<meta property="og:image:type" content="image/jpeg" />
<meta name="twitter:card" content="summary_large_image" />
<meta name="twitter:label1" content="Geschätzte Lesezeit" />
	<meta name="twitter:data1" content="1 Minute" />
<script type="application/ld+json" class="yoast-schema-graph">{"@context":"https://schema.org","@graph":[{"@type":"WebPage","@id":"https://www.bise.ch/de/produit/alize-3/","url":"https://www.bise.ch/de/produit/alize-3/","name":"Alizé | Möbel Bise | Möbelgeschäft | Möbel | Freiburg | Bulle","isPartOf":{"@id":"https://www.bise.ch/de/#website"},"primaryImageOfPage":{"@id":"https://www.bise.ch/de/produit/alize-3/#primaryimage"},"image":{"@id":"https://www.bise.ch/de/produit/alize-3/#primaryimage"},"thumbnailUrl":"https://www.bise.ch/wp-content/uploads/shooting_contract_fermob_cap_ferret_credit_romain_ricard_3.jpg","datePublished":"2019-05-17T07:50:46+00:00","dateModified":"2024-09-10T21:13:27+00:00","breadcrumb":{"@id":"https://www.bise.ch/de/produit/alize-3/#breadcrumb"},"inLanguage":"de","potentialAction":[{"@type":"ReadAction","target":["https://www.bise.ch/de/produit/alize-3/"]}]},{"@type":"ImageObject","inLanguage":"de","@id":"https://www.bise.ch/de/produit/alize-3/#primaryimage","url":"https://www.bise.ch/wp-content/uploads/shooting_contract_fermob_cap_ferret_credit_romain_ricard_3.jpg","contentUrl":"https://www.bise.ch/wp-content/uploads/shooting_contract_fermob_cap_ferret_credit_romain_ricard_3.jpg","width":717,"height":1075},{"@type":"BreadcrumbList","@id":"https://www.bise.ch/de/produit/alize-3/#breadcrumb","itemListElement":[{"@type":"ListItem","position":1,"name":"Startseite","item":"https://www.bise.ch/de/"},{"@type":"ListItem","position":2,"name":"Shop","item":"https://www.bise.ch/de/shop/"},{"@type":"ListItem","position":3,"name":"Alizé"}]},{"@type":"WebSite","@id":"https://www.bise.ch/de/#website","url":"https://www.bise.ch/de/","name":"Meubles Bise | Magasin de meubles | Mobilier | Fribourg | Bulle","description":"Wir erwecken Ihre Räume zum Leben","publisher":{"@id":"https://www.bise.ch/de/#organization"},"alternateName":"Georges Bise SA","potentialAction":[{"@type":"SearchAction","target":{"@type":"EntryPoint","urlTemplate":"https://www.bise.ch/de/?s={search_term_string}"},"query-input":{"@type":"PropertyValueSpecification","valueRequired":true,"valueName":"search_term_string"}}],"inLanguage":"de"},{"@type":"Organization","@id":"https://www.bise.ch/de/#organization","name":"Möbel Bise | Möbelgeschäft | Möbel | Freiburg | Bulle","alternateName":"Georges Bise SA","url":"https://www.bise.ch/de/","logo":{"@type":"ImageObject","inLanguage":"de","@id":"https://www.bise.ch/de/#/schema/logo/image/","url":"https://www.bise.ch/wp-content/uploads/LogoBise.png","contentUrl":"https://www.bise.ch/wp-content/uploads/LogoBise.png","width":4267,"height":4267,"caption":"Möbel Bise | Möbelgeschäft | Möbel | Freiburg | Bulle"},"image":{"@id":"https://www.bise.ch/de/#/schema/logo/image/"},"sameAs":["https://www.facebook.com/bisemeubles/","https://www.instagram.com/bisemeubles/","https://ch.linkedin.com/company/bise-meubles-moebel"]}]}</script>
<!-- / Yoast SEO plugin. -->

Alizé | Möbel Bise | Möbelgeschäft | Möbel | Freiburg | Bulle

Möbel Bise | Möbelgeschäft | Möbel | Freiburg | Bulle
