{"id":55828,"date":"2019-11-08T16:00:46","date_gmt":"2019-11-08T15:00:46","guid":{"rendered":"https:\/\/bise.ch\/produit\/leya-4\/"},"modified":"2019-11-08T16:00:46","modified_gmt":"2019-11-08T15:00:46","slug":"leya-4","status":"publish","type":"product","link":"https:\/\/www.bise.ch\/de\/produit\/leya-4\/","title":{"rendered":"Leya"},"content":{"rendered":"<p>In ihrem Entwurf verschmelzen die Designer Birgit Hoffmann und Christoph Kahleyss Gegens\u00e4tze. Bei dem formativen Barstuhl Leya von Freifrau ruht die elegante, gut gepolsterte Sitzschale auf einem filigranen Rahmen. Das harmonische Zusammenspiel von Materialien und Farben macht Leya zu einem einzigartigen Designobjekt. Wenn Sie sitzen, wird der Hocker zu einer sinnlichen Erfahrung: Die innere Polsterung schmiegt sich wie ein weiches Kissen an die Sitzschale und enth\u00fcllt ihren weichen Kern.<\/p>\n","protected":false},"excerpt":{"rendered":"<p>Barhocker<\/p>\n","protected":false},"featured_media":46738,"template":"","meta":{"_et_pb_use_builder":"","_et_pb_old_content":"","_et_gb_content_width":""},"product_brand":[4296],"product_cat":[3872,343,451],"product_tag":[],"class_list":{"0":"post-55828","1":"product","2":"type-product","3":"status-publish","4":"has-post-thumbnail","6":"product_brand-freifrau_de","7":"product_cat-barhocker-restaurant","8":"product_cat-barhocker","9":"product_cat-barhocker-konferenz","10":"pa_designation_de-barstuhl-de","11":"pa_designation_fr-barhocker","13":"first","14":"instock","15":"shipping-taxable","16":"purchasable","17":"product-type-simple"},"yoast_head":"<!-- This site is optimized with the Yoast SEO plugin v27.1.1 - https:\/\/yoast.com\/product\/yoast-seo-wordpress\/ -->\n<title>Leya | M\u00f6bel Bise | M\u00f6belgesch\u00e4ft | M\u00f6bel | Freiburg | Bulle<\/title>\n<meta name=\"robots\" content=\"index, follow, max-snippet:-1, max-image-preview:large, max-video-preview:-1\" \/>\n<link rel=\"canonical\" href=\"https:\/\/www.bise.ch\/de\/produit\/leya-4\/\" \/>\n<meta property=\"og:locale\" content=\"de_DE\" \/>\n<meta property=\"og:type\" content=\"article\" \/>\n<meta property=\"og:title\" content=\"Leya | M\u00f6bel Bise | M\u00f6belgesch\u00e4ft | M\u00f6bel | Freiburg | Bulle\" \/>\n<meta property=\"og:description\" content=\"Barhocker\" \/>\n<meta property=\"og:url\" content=\"https:\/\/www.bise.ch\/de\/produit\/leya-4\/\" \/>\n<meta property=\"og:site_name\" content=\"M\u00f6bel Bise | M\u00f6belgesch\u00e4ft | M\u00f6bel | Freiburg | Bulle\" \/>\n<meta property=\"article:publisher\" content=\"https:\/\/www.facebook.com\/bisemeubles\/\" \/>\n<meta property=\"og:image\" content=\"https:\/\/www.bise.ch\/wp-content\/uploads\/leya_bar_armchair_high_556x474_001.png\" \/>\n\t<meta property=\"og:image:width\" content=\"1920\" \/>\n\t<meta property=\"og:image:height\" content=\"1080\" \/>\n\t<meta property=\"og:image:type\" content=\"image\/png\" \/>\n<meta name=\"twitter:card\" content=\"summary_large_image\" \/>\n<script type=\"application\/ld+json\" class=\"yoast-schema-graph\">{\"@context\":\"https:\/\/schema.org\",\"@graph\":[{\"@type\":\"WebPage\",\"@id\":\"https:\/\/www.bise.ch\/de\/produit\/leya-4\/\",\"url\":\"https:\/\/www.bise.ch\/de\/produit\/leya-4\/\",\"name\":\"Leya | M\u00f6bel Bise | M\u00f6belgesch\u00e4ft | M\u00f6bel | Freiburg | Bulle\",\"isPartOf\":{\"@id\":\"https:\/\/www.bise.ch\/de\/#website\"},\"primaryImageOfPage\":{\"@id\":\"https:\/\/www.bise.ch\/de\/produit\/leya-4\/#primaryimage\"},\"image\":{\"@id\":\"https:\/\/www.bise.ch\/de\/produit\/leya-4\/#primaryimage\"},\"thumbnailUrl\":\"https:\/\/www.bise.ch\/wp-content\/uploads\/leya_bar_armchair_high_556x474_001.png\",\"datePublished\":\"2019-11-08T15:00:46+00:00\",\"breadcrumb\":{\"@id\":\"https:\/\/www.bise.ch\/de\/produit\/leya-4\/#breadcrumb\"},\"inLanguage\":\"de\",\"potentialAction\":[{\"@type\":\"ReadAction\",\"target\":[\"https:\/\/www.bise.ch\/de\/produit\/leya-4\/\"]}]},{\"@type\":\"ImageObject\",\"inLanguage\":\"de\",\"@id\":\"https:\/\/www.bise.ch\/de\/produit\/leya-4\/#primaryimage\",\"url\":\"https:\/\/www.bise.ch\/wp-content\/uploads\/leya_bar_armchair_high_556x474_001.png\",\"contentUrl\":\"https:\/\/www.bise.ch\/wp-content\/uploads\/leya_bar_armchair_high_556x474_001.png\",\"width\":1920,\"height\":1080},{\"@type\":\"BreadcrumbList\",\"@id\":\"https:\/\/www.bise.ch\/de\/produit\/leya-4\/#breadcrumb\",\"itemListElement\":[{\"@type\":\"ListItem\",\"position\":1,\"name\":\"Startseite\",\"item\":\"https:\/\/www.bise.ch\/de\/\"},{\"@type\":\"ListItem\",\"position\":2,\"name\":\"Shop\",\"item\":\"https:\/\/www.bise.ch\/de\/shop\/\"},{\"@type\":\"ListItem\",\"position\":3,\"name\":\"Leya\"}]},{\"@type\":\"WebSite\",\"@id\":\"https:\/\/www.bise.ch\/de\/#website\",\"url\":\"https:\/\/www.bise.ch\/de\/\",\"name\":\"Meubles Bise | Magasin de meubles | Mobilier | Fribourg | Bulle\",\"description\":\"Wir erwecken Ihre Ra\u0308ume zum Leben\",\"publisher\":{\"@id\":\"https:\/\/www.bise.ch\/de\/#organization\"},\"alternateName\":\"Georges Bise SA\",\"potentialAction\":[{\"@type\":\"SearchAction\",\"target\":{\"@type\":\"EntryPoint\",\"urlTemplate\":\"https:\/\/www.bise.ch\/de\/?s={search_term_string}\"},\"query-input\":{\"@type\":\"PropertyValueSpecification\",\"valueRequired\":true,\"valueName\":\"search_term_string\"}}],\"inLanguage\":\"de\"},{\"@type\":\"Organization\",\"@id\":\"https:\/\/www.bise.ch\/de\/#organization\",\"name\":\"M\u00f6bel Bise | M\u00f6belgesch\u00e4ft | M\u00f6bel | Freiburg | Bulle\",\"alternateName\":\"Georges Bise SA\",\"url\":\"https:\/\/www.bise.ch\/de\/\",\"logo\":{\"@type\":\"ImageObject\",\"inLanguage\":\"de\",\"@id\":\"https:\/\/www.bise.ch\/de\/#\/schema\/logo\/image\/\",\"url\":\"https:\/\/www.bise.ch\/wp-content\/uploads\/LogoBise.png\",\"contentUrl\":\"https:\/\/www.bise.ch\/wp-content\/uploads\/LogoBise.png\",\"width\":4267,\"height\":4267,\"caption\":\"M\u00f6bel Bise | M\u00f6belgesch\u00e4ft | M\u00f6bel | Freiburg | Bulle\"},\"image\":{\"@id\":\"https:\/\/www.bise.ch\/de\/#\/schema\/logo\/image\/\"},\"sameAs\":[\"https:\/\/www.facebook.com\/bisemeubles\/\",\"https:\/\/www.instagram.com\/bisemeubles\/\",\"https:\/\/ch.linkedin.com\/company\/bise-meubles-moebel\"]}]}<\/script>\n<!-- \/ Yoast SEO plugin. -->","yoast_head_json":{"title":"Leya | M\u00f6bel Bise | M\u00f6belgesch\u00e4ft | M\u00f6bel | Freiburg | Bulle","robots":{"index":"index","follow":"follow","max-snippet":"max-snippet:-1","max-image-preview":"max-image-preview:large","max-video-preview":"max-video-preview:-1"},"canonical":"https:\/\/www.bise.ch\/de\/produit\/leya-4\/","og_locale":"de_DE","og_type":"article","og_title":"Leya | M\u00f6bel Bise | M\u00f6belgesch\u00e4ft | M\u00f6bel | Freiburg | Bulle","og_description":"Barhocker","og_url":"https:\/\/www.bise.ch\/de\/produit\/leya-4\/","og_site_name":"M\u00f6bel Bise | M\u00f6belgesch\u00e4ft | M\u00f6bel | Freiburg | Bulle","article_publisher":"https:\/\/www.facebook.com\/bisemeubles\/","og_image":[{"width":1920,"height":1080,"url":"https:\/\/www.bise.ch\/wp-content\/uploads\/leya_bar_armchair_high_556x474_001.png","type":"image\/png"}],"twitter_card":"summary_large_image","schema":{"@context":"https:\/\/schema.org","@graph":[{"@type":"WebPage","@id":"https:\/\/www.bise.ch\/de\/produit\/leya-4\/","url":"https:\/\/www.bise.ch\/de\/produit\/leya-4\/","name":"Leya | M\u00f6bel Bise | M\u00f6belgesch\u00e4ft | M\u00f6bel | Freiburg | Bulle","isPartOf":{"@id":"https:\/\/www.bise.ch\/de\/#website"},"primaryImageOfPage":{"@id":"https:\/\/www.bise.ch\/de\/produit\/leya-4\/#primaryimage"},"image":{"@id":"https:\/\/www.bise.ch\/de\/produit\/leya-4\/#primaryimage"},"thumbnailUrl":"https:\/\/www.bise.ch\/wp-content\/uploads\/leya_bar_armchair_high_556x474_001.png","datePublished":"2019-11-08T15:00:46+00:00","breadcrumb":{"@id":"https:\/\/www.bise.ch\/de\/produit\/leya-4\/#breadcrumb"},"inLanguage":"de","potentialAction":[{"@type":"ReadAction","target":["https:\/\/www.bise.ch\/de\/produit\/leya-4\/"]}]},{"@type":"ImageObject","inLanguage":"de","@id":"https:\/\/www.bise.ch\/de\/produit\/leya-4\/#primaryimage","url":"https:\/\/www.bise.ch\/wp-content\/uploads\/leya_bar_armchair_high_556x474_001.png","contentUrl":"https:\/\/www.bise.ch\/wp-content\/uploads\/leya_bar_armchair_high_556x474_001.png","width":1920,"height":1080},{"@type":"BreadcrumbList","@id":"https:\/\/www.bise.ch\/de\/produit\/leya-4\/#breadcrumb","itemListElement":[{"@type":"ListItem","position":1,"name":"Startseite","item":"https:\/\/www.bise.ch\/de\/"},{"@type":"ListItem","position":2,"name":"Shop","item":"https:\/\/www.bise.ch\/de\/shop\/"},{"@type":"ListItem","position":3,"name":"Leya"}]},{"@type":"WebSite","@id":"https:\/\/www.bise.ch\/de\/#website","url":"https:\/\/www.bise.ch\/de\/","name":"Meubles Bise | Magasin de meubles | Mobilier | Fribourg | Bulle","description":"Wir erwecken Ihre Ra\u0308ume zum Leben","publisher":{"@id":"https:\/\/www.bise.ch\/de\/#organization"},"alternateName":"Georges Bise SA","potentialAction":[{"@type":"SearchAction","target":{"@type":"EntryPoint","urlTemplate":"https:\/\/www.bise.ch\/de\/?s={search_term_string}"},"query-input":{"@type":"PropertyValueSpecification","valueRequired":true,"valueName":"search_term_string"}}],"inLanguage":"de"},{"@type":"Organization","@id":"https:\/\/www.bise.ch\/de\/#organization","name":"M\u00f6bel Bise | M\u00f6belgesch\u00e4ft | M\u00f6bel | Freiburg | Bulle","alternateName":"Georges Bise SA","url":"https:\/\/www.bise.ch\/de\/","logo":{"@type":"ImageObject","inLanguage":"de","@id":"https:\/\/www.bise.ch\/de\/#\/schema\/logo\/image\/","url":"https:\/\/www.bise.ch\/wp-content\/uploads\/LogoBise.png","contentUrl":"https:\/\/www.bise.ch\/wp-content\/uploads\/LogoBise.png","width":4267,"height":4267,"caption":"M\u00f6bel Bise | M\u00f6belgesch\u00e4ft | M\u00f6bel | Freiburg | Bulle"},"image":{"@id":"https:\/\/www.bise.ch\/de\/#\/schema\/logo\/image\/"},"sameAs":["https:\/\/www.facebook.com\/bisemeubles\/","https:\/\/www.instagram.com\/bisemeubles\/","https:\/\/ch.linkedin.com\/company\/bise-meubles-moebel"]}]}},"_links":{"self":[{"href":"https:\/\/www.bise.ch\/de\/wp-json\/wp\/v2\/product\/55828","targetHints":{"allow":["GET"]}}],"collection":[{"href":"https:\/\/www.bise.ch\/de\/wp-json\/wp\/v2\/product"}],"about":[{"href":"https:\/\/www.bise.ch\/de\/wp-json\/wp\/v2\/types\/product"}],"wp:featuredmedia":[{"embeddable":true,"href":"https:\/\/www.bise.ch\/de\/wp-json\/wp\/v2\/media\/46738"}],"wp:attachment":[{"href":"https:\/\/www.bise.ch\/de\/wp-json\/wp\/v2\/media?parent=55828"}],"wp:term":[{"taxonomy":"product_brand","embeddable":true,"href":"https:\/\/www.bise.ch\/de\/wp-json\/wp\/v2\/product_brand?post=55828"},{"taxonomy":"product_cat","embeddable":true,"href":"https:\/\/www.bise.ch\/de\/wp-json\/wp\/v2\/product_cat?post=55828"},{"taxonomy":"product_tag","embeddable":true,"href":"https:\/\/www.bise.ch\/de\/wp-json\/wp\/v2\/product_tag?post=55828"}],"curies":[{"name":"wp","href":"https:\/\/api.w.org\/{rel}","templated":true}]}}

<p>In ihrem Entwurf verschmelzen die Designer Birgit Hoffmann und Christoph Kahleyss Gegensätze. Bei dem formativen Barstuhl Leya von Freifrau ruht die elegante, gut gepolsterte Sitzschale auf einem filigranen Rahmen. Das harmonische Zusammenspiel von Materialien und Farben macht Leya zu einem einzigartigen Designobjekt. Wenn Sie sitzen, wird der Hocker zu einer sinnlichen Erfahrung: Die innere Polsterung schmiegt sich wie ein weiches Kissen an die Sitzschale und enthüllt ihren weichen Kern.</p>

<!-- This site is optimized with the Yoast SEO plugin v27.1.1 - https://yoast.com/product/yoast-seo-wordpress/ -->
<title>Leya | Möbel Bise | Möbelgeschäft | Möbel | Freiburg | Bulle</title>
<meta name="robots" content="index, follow, max-snippet:-1, max-image-preview:large, max-video-preview:-1" />
<link rel="canonical" href="https://www.bise.ch/de/produit/leya-4/" />
<meta property="og:locale" content="de_DE" />
<meta property="og:type" content="article" />
<meta property="og:title" content="Leya | Möbel Bise | Möbelgeschäft | Möbel | Freiburg | Bulle" />
<meta property="og:description" content="Barhocker" />
<meta property="og:url" content="https://www.bise.ch/de/produit/leya-4/" />
<meta property="og:site_name" content="Möbel Bise | Möbelgeschäft | Möbel | Freiburg | Bulle" />
<meta property="article:publisher" content="https://www.facebook.com/bisemeubles/" />
<meta property="og:image" content="https://www.bise.ch/wp-content/uploads/leya_bar_armchair_high_556x474_001.png" />
	<meta property="og:image:width" content="1920" />
	<meta property="og:image:height" content="1080" />
	<meta property="og:image:type" content="image/png" />
<meta name="twitter:card" content="summary_large_image" />
<script type="application/ld+json" class="yoast-schema-graph">{"@context":"https://schema.org","@graph":[{"@type":"WebPage","@id":"https://www.bise.ch/de/produit/leya-4/","url":"https://www.bise.ch/de/produit/leya-4/","name":"Leya | Möbel Bise | Möbelgeschäft | Möbel | Freiburg | Bulle","isPartOf":{"@id":"https://www.bise.ch/de/#website"},"primaryImageOfPage":{"@id":"https://www.bise.ch/de/produit/leya-4/#primaryimage"},"image":{"@id":"https://www.bise.ch/de/produit/leya-4/#primaryimage"},"thumbnailUrl":"https://www.bise.ch/wp-content/uploads/leya_bar_armchair_high_556x474_001.png","datePublished":"2019-11-08T15:00:46+00:00","breadcrumb":{"@id":"https://www.bise.ch/de/produit/leya-4/#breadcrumb"},"inLanguage":"de","potentialAction":[{"@type":"ReadAction","target":["https://www.bise.ch/de/produit/leya-4/"]}]},{"@type":"ImageObject","inLanguage":"de","@id":"https://www.bise.ch/de/produit/leya-4/#primaryimage","url":"https://www.bise.ch/wp-content/uploads/leya_bar_armchair_high_556x474_001.png","contentUrl":"https://www.bise.ch/wp-content/uploads/leya_bar_armchair_high_556x474_001.png","width":1920,"height":1080},{"@type":"BreadcrumbList","@id":"https://www.bise.ch/de/produit/leya-4/#breadcrumb","itemListElement":[{"@type":"ListItem","position":1,"name":"Startseite","item":"https://www.bise.ch/de/"},{"@type":"ListItem","position":2,"name":"Shop","item":"https://www.bise.ch/de/shop/"},{"@type":"ListItem","position":3,"name":"Leya"}]},{"@type":"WebSite","@id":"https://www.bise.ch/de/#website","url":"https://www.bise.ch/de/","name":"Meubles Bise | Magasin de meubles | Mobilier | Fribourg | Bulle","description":"Wir erwecken Ihre Räume zum Leben","publisher":{"@id":"https://www.bise.ch/de/#organization"},"alternateName":"Georges Bise SA","potentialAction":[{"@type":"SearchAction","target":{"@type":"EntryPoint","urlTemplate":"https://www.bise.ch/de/?s={search_term_string}"},"query-input":{"@type":"PropertyValueSpecification","valueRequired":true,"valueName":"search_term_string"}}],"inLanguage":"de"},{"@type":"Organization","@id":"https://www.bise.ch/de/#organization","name":"Möbel Bise | Möbelgeschäft | Möbel | Freiburg | Bulle","alternateName":"Georges Bise SA","url":"https://www.bise.ch/de/","logo":{"@type":"ImageObject","inLanguage":"de","@id":"https://www.bise.ch/de/#/schema/logo/image/","url":"https://www.bise.ch/wp-content/uploads/LogoBise.png","contentUrl":"https://www.bise.ch/wp-content/uploads/LogoBise.png","width":4267,"height":4267,"caption":"Möbel Bise | Möbelgeschäft | Möbel | Freiburg | Bulle"},"image":{"@id":"https://www.bise.ch/de/#/schema/logo/image/"},"sameAs":["https://www.facebook.com/bisemeubles/","https://www.instagram.com/bisemeubles/","https://ch.linkedin.com/company/bise-meubles-moebel"]}]}</script>
<!-- / Yoast SEO plugin. -->

Leya | Möbel Bise | Möbelgeschäft | Möbel | Freiburg | Bulle

Möbel Bise | Möbelgeschäft | Möbel | Freiburg | Bulle
