{"id":55832,"date":"2023-03-22T14:10:49","date_gmt":"2023-03-22T13:10:49","guid":{"rendered":"https:\/\/bise.ch\/produit\/picnik\/"},"modified":"2024-11-22T08:24:53","modified_gmt":"2024-11-22T07:24:53","slug":"picnik","status":"publish","type":"product","link":"https:\/\/www.bise.ch\/de\/produit\/picnik\/","title":{"rendered":"Picnik"},"content":{"rendered":"<p><strong>Die Funktion ist die Form.<\/strong><\/p>\n<p>Funktionalit\u00e4t trifft auf Kunst. Das Ergebnis? Unser Picnik. Die strategischen Schnitte und Faltungen in einem einzigen Standard-Aluminiumblatt verleihen diesem Tisch seine sch\u00f6ne Einfachheit.<\/p>\n<p>Seine ikonischen Kurven verleihen dem Tisch Picnik eine unglaubliche Festigkeit und Bequemlichkeit und lassen Wasser leicht abflie\u00dfen, was ihn zum idealen Tisch f\u00fcr jede Terrasse, jeden Park oder jede Inneneinrichtung macht.<\/p>\n<p>&nbsp;<\/p>\n<p style=\"text-align:center\"><img decoding=\"async\" alt=\"picnik-collection-campaign-image-5e59250bb5d41.jpg\" height=\"478\" src=\"\/sites\/default\/files\/content\/upload\/picnik-collection-campaign-image-5e59250bb5d41.jpg\" width=\"956\"><\/p>\n<p>&nbsp;<\/p>\n<p>Dieses ikonische Design von Extremis entstand, nachdem Dirk Wynants einen Picknicktisch aus einem Standard-Aluminiumblech entwerfen wollte. Die Form erh\u00e4lt ihre enorme St\u00e4rke durch strategische Einschnitte und geeignete Biegungen. Dirk tat sich mit Xavier Lust zusammen, einem K\u00fcnstler und Designer, der f\u00fcr seine Aluminiumbiegetechnik bekannt ist, und sie konnten das Design gemeinsam fertigstellen.<\/p>\n<p>Die abgerundeten Oberfl\u00e4chen verleihen dem Tisch strukturelle Festigkeit und Stabilit\u00e4t. Dank der schr\u00e4gen Winkel der Beine k\u00f6nnen mehrere Tische f\u00fcr den Transport oder die Lagerung gestapelt werden. Dank seiner Pulverbeschichtung ist der Tisch sowohl im Innen- als auch im Au\u00dfenbereich sehr pflegeleicht. Das einfache Design f\u00fcgt sich leicht ein und ist ein subtiler Blickfang. Picnik ist wie ein Kunstwerk, auf dem man bequem sitzen kann!<\/p>\n<p style=\"text-align:center\"><img decoding=\"async\" alt=\"picnik-collection-overview-product-image-2-6405efc8da0b8.jpg\" src=\"\/sites\/default\/files\/content\/upload\/picnik-collection-overview-product-image-2-6405efc8da0b8.jpg\"><\/p>\n<p>&nbsp;<\/p>\n<p>&nbsp;<\/p>\n","protected":false},"excerpt":{"rendered":"<p>Tisch<\/p>\n","protected":false},"featured_media":53307,"template":"","meta":{"_et_pb_use_builder":"","_et_pb_old_content":"","_et_gb_content_width":""},"product_brand":[4293],"product_cat":[3913,3915,351,340],"product_tag":[],"class_list":{"0":"post-55832","1":"product","2":"type-product","3":"status-publish","4":"has-post-thumbnail","6":"product_brand-extremis_de","7":"product_cat-stuhle-terrassen-projekt","8":"product_cat-tische_terrassen_kollektivitat","9":"product_cat-gartenstuhle","10":"product_cat-gartentische","11":"pa_designation_de-tisch-de","12":"pa_designation_fr-tisch","14":"first","15":"instock","16":"featured","17":"shipping-taxable","18":"purchasable","19":"product-type-simple"},"yoast_head":"<!-- This site is optimized with the Yoast SEO plugin v27.1.1 - https:\/\/yoast.com\/product\/yoast-seo-wordpress\/ -->\n<title>Picnik | M\u00f6bel Bise | M\u00f6belgesch\u00e4ft | M\u00f6bel | Freiburg | Bulle<\/title>\n<meta name=\"robots\" content=\"index, follow, max-snippet:-1, max-image-preview:large, max-video-preview:-1\" \/>\n<link rel=\"canonical\" href=\"https:\/\/www.bise.ch\/de\/produit\/picnik\/\" \/>\n<meta property=\"og:locale\" content=\"de_DE\" \/>\n<meta property=\"og:type\" content=\"article\" \/>\n<meta property=\"og:title\" content=\"Picnik | M\u00f6bel Bise | M\u00f6belgesch\u00e4ft | M\u00f6bel | Freiburg | Bulle\" \/>\n<meta property=\"og:description\" content=\"Tisch\" \/>\n<meta property=\"og:url\" content=\"https:\/\/www.bise.ch\/de\/produit\/picnik\/\" \/>\n<meta property=\"og:site_name\" content=\"M\u00f6bel Bise | M\u00f6belgesch\u00e4ft | M\u00f6bel | Freiburg | Bulle\" \/>\n<meta property=\"article:publisher\" content=\"https:\/\/www.facebook.com\/bisemeubles\/\" \/>\n<meta property=\"article:modified_time\" content=\"2024-11-22T07:24:53+00:00\" \/>\n<meta property=\"og:image\" content=\"https:\/\/www.bise.ch\/wp-content\/uploads\/1_4-jpg.webp\" \/>\n\t<meta property=\"og:image:width\" content=\"1600\" \/>\n\t<meta property=\"og:image:height\" content=\"1065\" \/>\n\t<meta property=\"og:image:type\" content=\"image\/jpeg\" \/>\n<meta name=\"twitter:card\" content=\"summary_large_image\" \/>\n<meta name=\"twitter:label1\" content=\"Gesch\u00e4tzte Lesezeit\" \/>\n\t<meta name=\"twitter:data1\" content=\"1\u00a0Minute\" \/>\n<script type=\"application\/ld+json\" class=\"yoast-schema-graph\">{\"@context\":\"https:\/\/schema.org\",\"@graph\":[{\"@type\":\"WebPage\",\"@id\":\"https:\/\/www.bise.ch\/de\/produit\/picnik\/\",\"url\":\"https:\/\/www.bise.ch\/de\/produit\/picnik\/\",\"name\":\"Picnik | M\u00f6bel Bise | M\u00f6belgesch\u00e4ft | M\u00f6bel | Freiburg | Bulle\",\"isPartOf\":{\"@id\":\"https:\/\/www.bise.ch\/de\/#website\"},\"primaryImageOfPage\":{\"@id\":\"https:\/\/www.bise.ch\/de\/produit\/picnik\/#primaryimage\"},\"image\":{\"@id\":\"https:\/\/www.bise.ch\/de\/produit\/picnik\/#primaryimage\"},\"thumbnailUrl\":\"https:\/\/www.bise.ch\/wp-content\/uploads\/1_4-jpg.webp\",\"datePublished\":\"2023-03-22T13:10:49+00:00\",\"dateModified\":\"2024-11-22T07:24:53+00:00\",\"breadcrumb\":{\"@id\":\"https:\/\/www.bise.ch\/de\/produit\/picnik\/#breadcrumb\"},\"inLanguage\":\"de\",\"potentialAction\":[{\"@type\":\"ReadAction\",\"target\":[\"https:\/\/www.bise.ch\/de\/produit\/picnik\/\"]}]},{\"@type\":\"ImageObject\",\"inLanguage\":\"de\",\"@id\":\"https:\/\/www.bise.ch\/de\/produit\/picnik\/#primaryimage\",\"url\":\"https:\/\/www.bise.ch\/wp-content\/uploads\/1_4-jpg.webp\",\"contentUrl\":\"https:\/\/www.bise.ch\/wp-content\/uploads\/1_4-jpg.webp\",\"width\":1600,\"height\":1065},{\"@type\":\"BreadcrumbList\",\"@id\":\"https:\/\/www.bise.ch\/de\/produit\/picnik\/#breadcrumb\",\"itemListElement\":[{\"@type\":\"ListItem\",\"position\":1,\"name\":\"Startseite\",\"item\":\"https:\/\/www.bise.ch\/de\/\"},{\"@type\":\"ListItem\",\"position\":2,\"name\":\"Shop\",\"item\":\"https:\/\/www.bise.ch\/de\/shop\/\"},{\"@type\":\"ListItem\",\"position\":3,\"name\":\"Picnik\"}]},{\"@type\":\"WebSite\",\"@id\":\"https:\/\/www.bise.ch\/de\/#website\",\"url\":\"https:\/\/www.bise.ch\/de\/\",\"name\":\"Meubles Bise | Magasin de meubles | Mobilier | Fribourg | Bulle\",\"description\":\"Wir erwecken Ihre Ra\u0308ume zum Leben\",\"publisher\":{\"@id\":\"https:\/\/www.bise.ch\/de\/#organization\"},\"alternateName\":\"Georges Bise SA\",\"potentialAction\":[{\"@type\":\"SearchAction\",\"target\":{\"@type\":\"EntryPoint\",\"urlTemplate\":\"https:\/\/www.bise.ch\/de\/?s={search_term_string}\"},\"query-input\":{\"@type\":\"PropertyValueSpecification\",\"valueRequired\":true,\"valueName\":\"search_term_string\"}}],\"inLanguage\":\"de\"},{\"@type\":\"Organization\",\"@id\":\"https:\/\/www.bise.ch\/de\/#organization\",\"name\":\"M\u00f6bel Bise | M\u00f6belgesch\u00e4ft | M\u00f6bel | Freiburg | Bulle\",\"alternateName\":\"Georges Bise SA\",\"url\":\"https:\/\/www.bise.ch\/de\/\",\"logo\":{\"@type\":\"ImageObject\",\"inLanguage\":\"de\",\"@id\":\"https:\/\/www.bise.ch\/de\/#\/schema\/logo\/image\/\",\"url\":\"https:\/\/www.bise.ch\/wp-content\/uploads\/LogoBise.png\",\"contentUrl\":\"https:\/\/www.bise.ch\/wp-content\/uploads\/LogoBise.png\",\"width\":4267,\"height\":4267,\"caption\":\"M\u00f6bel Bise | M\u00f6belgesch\u00e4ft | M\u00f6bel | Freiburg | Bulle\"},\"image\":{\"@id\":\"https:\/\/www.bise.ch\/de\/#\/schema\/logo\/image\/\"},\"sameAs\":[\"https:\/\/www.facebook.com\/bisemeubles\/\",\"https:\/\/www.instagram.com\/bisemeubles\/\",\"https:\/\/ch.linkedin.com\/company\/bise-meubles-moebel\"]}]}<\/script>\n<!-- \/ Yoast SEO plugin. -->","yoast_head_json":{"title":"Picnik | M\u00f6bel Bise | M\u00f6belgesch\u00e4ft | M\u00f6bel | Freiburg | Bulle","robots":{"index":"index","follow":"follow","max-snippet":"max-snippet:-1","max-image-preview":"max-image-preview:large","max-video-preview":"max-video-preview:-1"},"canonical":"https:\/\/www.bise.ch\/de\/produit\/picnik\/","og_locale":"de_DE","og_type":"article","og_title":"Picnik | M\u00f6bel Bise | M\u00f6belgesch\u00e4ft | M\u00f6bel | Freiburg | Bulle","og_description":"Tisch","og_url":"https:\/\/www.bise.ch\/de\/produit\/picnik\/","og_site_name":"M\u00f6bel Bise | M\u00f6belgesch\u00e4ft | M\u00f6bel | Freiburg | Bulle","article_publisher":"https:\/\/www.facebook.com\/bisemeubles\/","article_modified_time":"2024-11-22T07:24:53+00:00","og_image":[{"width":1600,"height":1065,"url":"https:\/\/www.bise.ch\/wp-content\/uploads\/1_4-jpg.webp","type":"image\/jpeg"}],"twitter_card":"summary_large_image","twitter_misc":{"Gesch\u00e4tzte Lesezeit":"1\u00a0Minute"},"schema":{"@context":"https:\/\/schema.org","@graph":[{"@type":"WebPage","@id":"https:\/\/www.bise.ch\/de\/produit\/picnik\/","url":"https:\/\/www.bise.ch\/de\/produit\/picnik\/","name":"Picnik | M\u00f6bel Bise | M\u00f6belgesch\u00e4ft | M\u00f6bel | Freiburg | Bulle","isPartOf":{"@id":"https:\/\/www.bise.ch\/de\/#website"},"primaryImageOfPage":{"@id":"https:\/\/www.bise.ch\/de\/produit\/picnik\/#primaryimage"},"image":{"@id":"https:\/\/www.bise.ch\/de\/produit\/picnik\/#primaryimage"},"thumbnailUrl":"https:\/\/www.bise.ch\/wp-content\/uploads\/1_4-jpg.webp","datePublished":"2023-03-22T13:10:49+00:00","dateModified":"2024-11-22T07:24:53+00:00","breadcrumb":{"@id":"https:\/\/www.bise.ch\/de\/produit\/picnik\/#breadcrumb"},"inLanguage":"de","potentialAction":[{"@type":"ReadAction","target":["https:\/\/www.bise.ch\/de\/produit\/picnik\/"]}]},{"@type":"ImageObject","inLanguage":"de","@id":"https:\/\/www.bise.ch\/de\/produit\/picnik\/#primaryimage","url":"https:\/\/www.bise.ch\/wp-content\/uploads\/1_4-jpg.webp","contentUrl":"https:\/\/www.bise.ch\/wp-content\/uploads\/1_4-jpg.webp","width":1600,"height":1065},{"@type":"BreadcrumbList","@id":"https:\/\/www.bise.ch\/de\/produit\/picnik\/#breadcrumb","itemListElement":[{"@type":"ListItem","position":1,"name":"Startseite","item":"https:\/\/www.bise.ch\/de\/"},{"@type":"ListItem","position":2,"name":"Shop","item":"https:\/\/www.bise.ch\/de\/shop\/"},{"@type":"ListItem","position":3,"name":"Picnik"}]},{"@type":"WebSite","@id":"https:\/\/www.bise.ch\/de\/#website","url":"https:\/\/www.bise.ch\/de\/","name":"Meubles Bise | Magasin de meubles | Mobilier | Fribourg | Bulle","description":"Wir erwecken Ihre Ra\u0308ume zum Leben","publisher":{"@id":"https:\/\/www.bise.ch\/de\/#organization"},"alternateName":"Georges Bise SA","potentialAction":[{"@type":"SearchAction","target":{"@type":"EntryPoint","urlTemplate":"https:\/\/www.bise.ch\/de\/?s={search_term_string}"},"query-input":{"@type":"PropertyValueSpecification","valueRequired":true,"valueName":"search_term_string"}}],"inLanguage":"de"},{"@type":"Organization","@id":"https:\/\/www.bise.ch\/de\/#organization","name":"M\u00f6bel Bise | M\u00f6belgesch\u00e4ft | M\u00f6bel | Freiburg | Bulle","alternateName":"Georges Bise SA","url":"https:\/\/www.bise.ch\/de\/","logo":{"@type":"ImageObject","inLanguage":"de","@id":"https:\/\/www.bise.ch\/de\/#\/schema\/logo\/image\/","url":"https:\/\/www.bise.ch\/wp-content\/uploads\/LogoBise.png","contentUrl":"https:\/\/www.bise.ch\/wp-content\/uploads\/LogoBise.png","width":4267,"height":4267,"caption":"M\u00f6bel Bise | M\u00f6belgesch\u00e4ft | M\u00f6bel | Freiburg | Bulle"},"image":{"@id":"https:\/\/www.bise.ch\/de\/#\/schema\/logo\/image\/"},"sameAs":["https:\/\/www.facebook.com\/bisemeubles\/","https:\/\/www.instagram.com\/bisemeubles\/","https:\/\/ch.linkedin.com\/company\/bise-meubles-moebel"]}]}},"_links":{"self":[{"href":"https:\/\/www.bise.ch\/de\/wp-json\/wp\/v2\/product\/55832","targetHints":{"allow":["GET"]}}],"collection":[{"href":"https:\/\/www.bise.ch\/de\/wp-json\/wp\/v2\/product"}],"about":[{"href":"https:\/\/www.bise.ch\/de\/wp-json\/wp\/v2\/types\/product"}],"wp:featuredmedia":[{"embeddable":true,"href":"https:\/\/www.bise.ch\/de\/wp-json\/wp\/v2\/media\/53307"}],"wp:attachment":[{"href":"https:\/\/www.bise.ch\/de\/wp-json\/wp\/v2\/media?parent=55832"}],"wp:term":[{"taxonomy":"product_brand","embeddable":true,"href":"https:\/\/www.bise.ch\/de\/wp-json\/wp\/v2\/product_brand?post=55832"},{"taxonomy":"product_cat","embeddable":true,"href":"https:\/\/www.bise.ch\/de\/wp-json\/wp\/v2\/product_cat?post=55832"},{"taxonomy":"product_tag","embeddable":true,"href":"https:\/\/www.bise.ch\/de\/wp-json\/wp\/v2\/product_tag?post=55832"}],"curies":[{"name":"wp","href":"https:\/\/api.w.org\/{rel}","templated":true}]}}

<p><strong>Die Funktion ist die Form.</strong></p>
<p>Funktionalität trifft auf Kunst. Das Ergebnis? Unser Picnik. Die strategischen Schnitte und Faltungen in einem einzigen Standard-Aluminiumblatt verleihen diesem Tisch seine schöne Einfachheit.</p>
<p>Seine ikonischen Kurven verleihen dem Tisch Picnik eine unglaubliche Festigkeit und Bequemlichkeit und lassen Wasser leicht abfließen, was ihn zum idealen Tisch für jede Terrasse, jeden Park oder jede Inneneinrichtung macht.</p>
<p>&nbsp;</p>
<p style="text-align:center"><img decoding="async" alt="picnik-collection-campaign-image-5e59250bb5d41.jpg" height="478" src="/sites/default/files/content/upload/picnik-collection-campaign-image-5e59250bb5d41.jpg" width="956"></p>
<p>&nbsp;</p>
<p>Dieses ikonische Design von Extremis entstand, nachdem Dirk Wynants einen Picknicktisch aus einem Standard-Aluminiumblech entwerfen wollte. Die Form erhält ihre enorme Stärke durch strategische Einschnitte und geeignete Biegungen. Dirk tat sich mit Xavier Lust zusammen, einem Künstler und Designer, der für seine Aluminiumbiegetechnik bekannt ist, und sie konnten das Design gemeinsam fertigstellen.</p>
<p>Die abgerundeten Oberflächen verleihen dem Tisch strukturelle Festigkeit und Stabilität. Dank der schrägen Winkel der Beine können mehrere Tische für den Transport oder die Lagerung gestapelt werden. Dank seiner Pulverbeschichtung ist der Tisch sowohl im Innen- als auch im Außenbereich sehr pflegeleicht. Das einfache Design fügt sich leicht ein und ist ein subtiler Blickfang. Picnik ist wie ein Kunstwerk, auf dem man bequem sitzen kann!</p>
<p style="text-align:center"><img decoding="async" alt="picnik-collection-overview-product-image-2-6405efc8da0b8.jpg" src="/sites/default/files/content/upload/picnik-collection-overview-product-image-2-6405efc8da0b8.jpg"></p>
<p>&nbsp;</p>
<p>&nbsp;</p>

<!-- This site is optimized with the Yoast SEO plugin v27.1.1 - https://yoast.com/product/yoast-seo-wordpress/ -->
<title>Picnik | Möbel Bise | Möbelgeschäft | Möbel | Freiburg | Bulle</title>
<meta name="robots" content="index, follow, max-snippet:-1, max-image-preview:large, max-video-preview:-1" />
<link rel="canonical" href="https://www.bise.ch/de/produit/picnik/" />
<meta property="og:locale" content="de_DE" />
<meta property="og:type" content="article" />
<meta property="og:title" content="Picnik | Möbel Bise | Möbelgeschäft | Möbel | Freiburg | Bulle" />
<meta property="og:description" content="Tisch" />
<meta property="og:url" content="https://www.bise.ch/de/produit/picnik/" />
<meta property="og:site_name" content="Möbel Bise | Möbelgeschäft | Möbel | Freiburg | Bulle" />
<meta property="article:publisher" content="https://www.facebook.com/bisemeubles/" />
<meta property="article:modified_time" content="2024-11-22T07:24:53+00:00" />
<meta property="og:image" content="https://www.bise.ch/wp-content/uploads/1_4-jpg.webp" />
	<meta property="og:image:width" content="1600" />
	<meta property="og:image:height" content="1065" />
	<meta property="og:image:type" content="image/jpeg" />
<meta name="twitter:card" content="summary_large_image" />
<meta name="twitter:label1" content="Geschätzte Lesezeit" />
	<meta name="twitter:data1" content="1 Minute" />
<script type="application/ld+json" class="yoast-schema-graph">{"@context":"https://schema.org","@graph":[{"@type":"WebPage","@id":"https://www.bise.ch/de/produit/picnik/","url":"https://www.bise.ch/de/produit/picnik/","name":"Picnik | Möbel Bise | Möbelgeschäft | Möbel | Freiburg | Bulle","isPartOf":{"@id":"https://www.bise.ch/de/#website"},"primaryImageOfPage":{"@id":"https://www.bise.ch/de/produit/picnik/#primaryimage"},"image":{"@id":"https://www.bise.ch/de/produit/picnik/#primaryimage"},"thumbnailUrl":"https://www.bise.ch/wp-content/uploads/1_4-jpg.webp","datePublished":"2023-03-22T13:10:49+00:00","dateModified":"2024-11-22T07:24:53+00:00","breadcrumb":{"@id":"https://www.bise.ch/de/produit/picnik/#breadcrumb"},"inLanguage":"de","potentialAction":[{"@type":"ReadAction","target":["https://www.bise.ch/de/produit/picnik/"]}]},{"@type":"ImageObject","inLanguage":"de","@id":"https://www.bise.ch/de/produit/picnik/#primaryimage","url":"https://www.bise.ch/wp-content/uploads/1_4-jpg.webp","contentUrl":"https://www.bise.ch/wp-content/uploads/1_4-jpg.webp","width":1600,"height":1065},{"@type":"BreadcrumbList","@id":"https://www.bise.ch/de/produit/picnik/#breadcrumb","itemListElement":[{"@type":"ListItem","position":1,"name":"Startseite","item":"https://www.bise.ch/de/"},{"@type":"ListItem","position":2,"name":"Shop","item":"https://www.bise.ch/de/shop/"},{"@type":"ListItem","position":3,"name":"Picnik"}]},{"@type":"WebSite","@id":"https://www.bise.ch/de/#website","url":"https://www.bise.ch/de/","name":"Meubles Bise | Magasin de meubles | Mobilier | Fribourg | Bulle","description":"Wir erwecken Ihre Räume zum Leben","publisher":{"@id":"https://www.bise.ch/de/#organization"},"alternateName":"Georges Bise SA","potentialAction":[{"@type":"SearchAction","target":{"@type":"EntryPoint","urlTemplate":"https://www.bise.ch/de/?s={search_term_string}"},"query-input":{"@type":"PropertyValueSpecification","valueRequired":true,"valueName":"search_term_string"}}],"inLanguage":"de"},{"@type":"Organization","@id":"https://www.bise.ch/de/#organization","name":"Möbel Bise | Möbelgeschäft | Möbel | Freiburg | Bulle","alternateName":"Georges Bise SA","url":"https://www.bise.ch/de/","logo":{"@type":"ImageObject","inLanguage":"de","@id":"https://www.bise.ch/de/#/schema/logo/image/","url":"https://www.bise.ch/wp-content/uploads/LogoBise.png","contentUrl":"https://www.bise.ch/wp-content/uploads/LogoBise.png","width":4267,"height":4267,"caption":"Möbel Bise | Möbelgeschäft | Möbel | Freiburg | Bulle"},"image":{"@id":"https://www.bise.ch/de/#/schema/logo/image/"},"sameAs":["https://www.facebook.com/bisemeubles/","https://www.instagram.com/bisemeubles/","https://ch.linkedin.com/company/bise-meubles-moebel"]}]}</script>
<!-- / Yoast SEO plugin. -->

Picnik | Möbel Bise | Möbelgeschäft | Möbel | Freiburg | Bulle

Möbel Bise | Möbelgeschäft | Möbel | Freiburg | Bulle
